[INFO] fetching crate abstract-manager 0.14.3...
[INFO] checking abstract-manager-0.14.3 against master#9610dfe5a9a731ced1ea4923ecbd0c57fe367898 for beta-170-4
[INFO] extracting crate abstract-manager 0.14.3 into /workspace/builds/worker-6-tc1/source
[INFO] validating manifest of crates.io crate abstract-manager 0.14.3 on toolchain 9610dfe5a9a731ced1ea4923ecbd0c57fe367898
[INFO] running `Command { std: CARGO_HOME="/workspace/cargo-home" RUSTUP_HOME="/workspace/rustup-home" "/workspace/cargo-home/bin/cargo" "+9610dfe5a9a731ced1ea4923ecbd0c57fe367898" "metadata" "--manifest-path" "Cargo.toml" "--no-deps", kill_on_drop: false }`
[INFO] removed /workspace/builds/worker-6-tc1/source/.cargo/config
[INFO] started tweaking crates.io crate abstract-manager 0.14.3
[INFO] finished tweaking crates.io crate abstract-manager 0.14.3
[INFO] tweaked toml for crates.io crate abstract-manager 0.14.3 written to /workspace/builds/worker-6-tc1/source/Cargo.toml
[INFO] crate crates.io crate abstract-manager 0.14.3 already has a lockfile, it will not be regenerated
[INFO] running `Command { std: CARGO_HOME="/workspace/cargo-home" RUSTUP_HOME="/workspace/rustup-home" "/workspace/cargo-home/bin/cargo" "+9610dfe5a9a731ced1ea4923ecbd0c57fe367898" "fetch" "--manifest-path" "Cargo.toml", kill_on_drop: false }`
[INFO] [stderr]     Updating crates.io index
[INFO] [stderr]  Downloading crates ...
[INFO] [stderr]   Downloaded cw20 v1.0.1
[INFO] [stderr]   Downloaded cosmwasm-std v1.2.3
[INFO] [stderr]   Downloaded prost v0.11.8
[INFO] [stderr]   Downloaded cw-address-like v1.0.4
[INFO] [stderr]   Downloaded axum-core v0.3.3
[INFO] [stderr]   Downloaded axum v0.6.12
[INFO] [stderr]   Downloaded tendermint-rpc v0.30.0
[INFO] [stderr]   Downloaded peg-macros v0.7.0
[INFO] [stderr]   Downloaded safe-regex-macro v0.2.5
[INFO] [stderr]   Downloaded safe-regex v0.2.5
[INFO] [stderr]   Downloaded ics23 v0.9.0
[INFO] [stderr]   Downloaded hkd32 v0.7.0
[INFO] [stderr]   Downloaded ed25519-consensus v2.1.0
[INFO] [stderr]   Downloaded sha256 v1.1.2
[INFO] [stderr]   Downloaded prost-types v0.11.8
[INFO] [stderr]   Downloaded bitcoin-private v0.1.0
[INFO] [stderr]   Downloaded bitcoin_hashes v0.12.0
[INFO] [stderr]   Downloaded cw20-base v1.0.1
[INFO] [stderr]   Downloaded abstract-macros v0.14.3
[INFO] [stderr]   Downloaded abstract-testing v0.14.3
[INFO] [stderr]   Downloaded cw-ownable v0.5.1
[INFO] [stderr]   Downloaded abstract-sdk v0.14.3
[INFO] [stderr]   Downloaded abstract-ica v0.14.3
[INFO] [stderr]   Downloaded bip32 v0.4.0
[INFO] [stderr]   Downloaded boot-contract-derive v0.10.0
[INFO] [stderr]   Downloaded base16 v0.2.1
[INFO] [stderr]   Downloaded bitcoin v0.30.0
[INFO] [stderr]   Downloaded curve25519-dalek-ng v4.1.1
[INFO] [stderr]   Downloaded prost-derive v0.11.8
[INFO] [stderr]   Downloaded ibc-proto v0.28.0
[INFO] [stderr]   Downloaded safe-regex-compiler v0.2.5
[INFO] [stderr]   Downloaded cosmwasm-schema v1.2.3
[INFO] [stderr]   Downloaded cw-multi-test v0.16.3
[INFO] [stderr]   Downloaded ibc-relayer-types v0.23.0
[INFO] [stderr]   Downloaded cw-controllers v1.0.1
[INFO] [stderr]   Downloaded cw-ownable-derive v0.5.1
[INFO] [stderr]   Downloaded abstract-core v0.14.3
[INFO] [stderr]   Downloaded cw-asset v3.0.0
[INFO] [stderr]   Downloaded hex_lit v0.1.1
[INFO] [stderr]   Downloaded boot-fns-derive v0.10.0
[INFO] [stderr]   Downloaded safe-quote v1.0.15
[INFO] [stderr]   Downloaded cw-semver v1.0.14
[INFO] [stderr]   Downloaded cosmos-sdk-proto v0.17.0
[INFO] [stderr]   Downloaded safe-proc-macro2 v1.0.36
[INFO] [stderr]   Downloaded cosmrs v0.12.0
[INFO] [stderr]   Downloaded tendermint-config v0.30.0
[INFO] [stderr]   Downloaded peg v0.7.0
[INFO] [stderr]   Downloaded subtle-ng v2.5.0
[INFO] [stderr]   Downloaded tendermint-proto v0.30.0
[INFO] [stderr]   Downloaded boot-core v0.10.0
[INFO] [stderr]   Downloaded cosmwasm-schema-derive v1.2.3
[INFO] [stderr]   Downloaded cosmwasm-crypto v1.2.3
[INFO] [stderr]   Downloaded cosmwasm-derive v1.2.3
[INFO] [stderr]   Downloaded serde-json-wasm v0.5.0
[INFO] [stderr]   Downloaded cw-storage-plus v1.0.1
[INFO] [stderr]   Downloaded cw2 v1.0.1
[INFO] [stderr]   Downloaded async-tungstenite v0.20.0
[INFO] [stderr]   Downloaded ibc-chain-registry v0.23.0
[INFO] [stderr]   Downloaded cw-utils v1.0.1
[INFO] [stderr]   Downloaded tendermint-light-client-verifier v0.30.0
[INFO] [stderr]   Downloaded flex-error v0.4.4
[INFO] [stderr]   Downloaded subtle-encoding v0.5.1
[INFO] [stderr]   Downloaded tendermint v0.30.0
[INFO] [stderr]   Downloaded peg-runtime v0.7.0
[INFO] running `Command { std: "docker" "create" "-v" "/var/lib/crater-agent-workspace/builds/worker-6-tc1/target:/opt/rustwide/target:rw,Z" "-v" "/var/lib/crater-agent-workspace/builds/worker-6-tc1/source:/opt/rustwide/workdir:ro,Z" "-v" "/var/lib/crater-agent-workspace/cargo-home:/opt/rustwide/cargo-home:ro,Z" "-v" "/var/lib/crater-agent-workspace/rustup-home:/opt/rustwide/rustup-home:ro,Z" "-e" "SOURCE_DIR=/opt/rustwide/workdir" "-e" "CARGO_TARGET_DIR=/opt/rustwide/target" "-e" "CARGO_HOME=/opt/rustwide/cargo-home" "-e" "RUSTUP_HOME=/opt/rustwide/rustup-home" "-w" "/opt/rustwide/workdir" "-m" "1610612736" "--user" "0:0" "--network" "none" "ghcr.io/rust-lang/crates-build-env/linux@sha256:19e73879b68f455e41552ea35293514db52ea292d993f571636dbffedb77a1ee" "/opt/rustwide/cargo-home/bin/cargo" "+9610dfe5a9a731ced1ea4923ecbd0c57fe367898" "metadata" "--no-deps" "--format-version=1", kill_on_drop: false }`
[INFO] [stdout] 543889ec164b28f4ee0bce0b87651211d20de005f8c5bff0a8415b27a708c339
[INFO] running `Command { std: "docker" "start" "-a" "543889ec164b28f4ee0bce0b87651211d20de005f8c5bff0a8415b27a708c339", kill_on_drop: false }`
[INFO] running `Command { std: "docker" "inspect" "543889ec164b28f4ee0bce0b87651211d20de005f8c5bff0a8415b27a708c339", kill_on_drop: false }`
[INFO] running `Command { std: "docker" "rm" "-f" "543889ec164b28f4ee0bce0b87651211d20de005f8c5bff0a8415b27a708c339", kill_on_drop: false }`
[INFO] [stdout] 543889ec164b28f4ee0bce0b87651211d20de005f8c5bff0a8415b27a708c339
[INFO] running `Command { std: "docker" "create" "-v" "/var/lib/crater-agent-workspace/builds/worker-6-tc1/target:/opt/rustwide/target:rw,Z" "-v" "/var/lib/crater-agent-workspace/builds/worker-6-tc1/source:/opt/rustwide/workdir:ro,Z" "-v" "/var/lib/crater-agent-workspace/cargo-home:/opt/rustwide/cargo-home:ro,Z" "-v" "/var/lib/crater-agent-workspace/rustup-home:/opt/rustwide/rustup-home:ro,Z" "-e" "SOURCE_DIR=/opt/rustwide/workdir" "-e" "CARGO_TARGET_DIR=/opt/rustwide/target" "-e" "CARGO_INCREMENTAL=0" "-e" "RUST_BACKTRACE=full" "-e" "RUSTFLAGS=--cap-lints=forbid" "-e" "RUSTDOCFLAGS=--cap-lints=forbid" "-e" "CARGO_HOME=/opt/rustwide/cargo-home" "-e" "RUSTUP_HOME=/opt/rustwide/rustup-home" "-w" "/opt/rustwide/workdir" "-m" "1610612736" "--user" "0:0" "--network" "none" "ghcr.io/rust-lang/crates-build-env/linux@sha256:19e73879b68f455e41552ea35293514db52ea292d993f571636dbffedb77a1ee" "/opt/rustwide/cargo-home/bin/cargo" "+9610dfe5a9a731ced1ea4923ecbd0c57fe367898" "check" "--frozen" "--all" "--all-targets" "--message-format=json", kill_on_drop: false }`
[INFO] [stdout] 7d2fe3f966ea000fa1cbff179f26b2ee011fc8cb1936c3971ed5e279aad98f5b
[INFO] running `Command { std: "docker" "start" "-a" "7d2fe3f966ea000fa1cbff179f26b2ee011fc8cb1936c3971ed5e279aad98f5b", kill_on_drop: false }`
[INFO] [stderr]    Compiling proc-macro2 v1.0.56
[INFO] [stderr]    Compiling unicode-ident v1.0.8
[INFO] [stderr]    Compiling quote v1.0.26
[INFO] [stderr]    Compiling libc v0.2.141
[INFO] [stderr]     Checking cfg-if v1.0.0
[INFO] [stderr]    Compiling version_check v0.9.4
[INFO] [stderr]    Compiling syn v1.0.109
[INFO] [stderr]    Compiling autocfg v1.1.0
[INFO] [stderr]    Compiling serde_derive v1.0.159
[INFO] [stderr]    Compiling serde v1.0.159
[INFO] [stderr]     Checking once_cell v1.17.1
[INFO] [stderr]    Compiling typenum v1.16.0
[INFO] [stderr]     Checking subtle v2.4.1
[INFO] [stderr]    Compiling generic-array v0.14.7
[INFO] [stderr]     Checking itoa v1.0.6
[INFO] [stderr]     Checking cpufeatures v0.2.6
[INFO] [stderr]    Compiling ahash v0.7.6
[INFO] [stderr]     Checking pin-project-lite v0.2.9
[INFO] [stderr]    Compiling log v0.4.17
[INFO] [stderr]     Checking byteorder v1.4.3
[INFO] [stderr]     Checking const-oid v0.9.2
[INFO] [stderr]    Compiling futures-core v0.3.28
[INFO] [stderr]     Checking base64ct v1.6.0
[INFO] [stderr]     Checking opaque-debug v0.3.0
[INFO] [stderr]     Checking base64 v0.13.1
[INFO] [stderr]     Checking hex v0.4.3
[INFO] [stderr]     Checking base16ct v0.1.1
[INFO] [stderr]    Compiling ring v0.16.20
[INFO] [stderr]    Compiling lock_api v0.4.9
[INFO] [stderr]    Compiling slab v0.4.8
[INFO] [stderr]    Compiling futures-channel v0.3.28
[INFO] [stderr]    Compiling syn v2.0.13
[INFO] [stderr]     Checking getrandom v0.2.9
[INFO] [stderr]     Checking ryu v1.0.13
[INFO] [stderr]    Compiling parking_lot_core v0.9.7
[INFO] [stderr]     Checking keccak v0.1.3
[INFO] [stderr]     Checking rand_core v0.6.4
[INFO] [stderr]     Checking ff v0.12.1
[INFO] [stderr]    Compiling futures-task v0.3.28
[INFO] [stderr]     Checking group v0.12.1
[INFO] [stderr]     Checking hashbrown v0.12.3
[INFO] [stderr]    Compiling serde_json v1.0.95
[INFO] [stderr]     Checking futures-sink v0.3.28
[INFO] [stderr]    Compiling memchr v2.5.0
[INFO] [stderr]    Compiling futures-util v0.3.28
[INFO] [stderr]     Checking scopeguard v1.1.0
[INFO] [stderr]     Checking smallvec v1.10.0
[INFO] [stderr]    Compiling tokio v1.27.0
[INFO] [stderr]     Checking untrusted v0.7.1
[INFO] [stderr]     Checking crypto-common v0.1.6
[INFO] [stderr]     Checking block-buffer v0.10.4
[INFO] [stderr]     Checking digest v0.9.0
[INFO] [stderr]     Checking block-buffer v0.9.0
[INFO] [stderr]     Checking futures-io v0.3.28
[INFO] [stderr]     Checking digest v0.10.6
[INFO] [stderr]     Checking pin-utils v0.1.0
[INFO] [stderr]     Checking sha2 v0.9.9
[INFO] [stderr]     Checking spin v0.5.2
[INFO] [stderr]     Checking parking_lot v0.12.1
[INFO] [stderr]     Checking mio v0.8.6
[INFO] [stderr]     Checking hmac v0.12.1
[INFO] [stderr]     Checking signature v1.6.4
[INFO] [stderr]     Checking sha2 v0.10.6
[INFO] [stderr]     Checking sha3 v0.10.6
[INFO] [stderr]     Checking num_cpus v1.15.0
[INFO] [stderr]     Checking socket2 v0.4.9
[INFO] [stderr]     Checking signal-hook-registry v1.4.1
[INFO] [stderr]    Compiling getrandom v0.1.16
[INFO] [stderr]    Compiling thiserror v1.0.40
[INFO] [stderr]    Compiling num-traits v0.2.15
[INFO] [stderr]     Checking fnv v1.0.7
[INFO] [stderr]    Compiling crunchy v0.2.2
[INFO] [stderr]    Compiling anyhow v1.0.70
[INFO] [stderr]     Checking rand_core v0.5.1
[INFO] [stderr]     Checking static_assertions v1.1.0
[INFO] [stderr]     Checking tracing-core v0.1.30
[INFO] [stderr]     Checking dyn-clone v1.0.11
[INFO] [stderr]     Checking uint v0.9.5
[INFO] [stderr]    Compiling indexmap v1.9.3
[INFO] [stderr]    Compiling either v1.8.1
[INFO] [stderr]    Compiling httparse v1.8.0
[INFO] [stderr]    Compiling schemars v0.8.12
[INFO] [stderr]    Compiling itertools v0.10.5
[INFO] [stderr]     Checking tower-service v0.3.2
[INFO] [stderr]     Checking httpdate v1.0.2
[INFO] [stderr]    Compiling semver v1.0.17
[INFO] [stderr]     Checking ppv-lite86 v0.2.17
[INFO] [stderr]     Checking forward_ref v1.0.0
[INFO] [stderr]     Checking try-lock v0.2.4
[INFO] [stderr]     Checking openssl-probe v0.1.5
[INFO] [stderr]     Checking want v0.3.0
[INFO] [stderr]     Checking bitflags v1.3.2
[INFO] [stderr]     Checking percent-encoding v2.2.0
[INFO] [stderr]     Checking webpki v0.22.0
[INFO] [stderr]    Compiling rustls v0.20.8
[INFO] [stderr]    Compiling rustversion v1.0.12
[INFO] [stderr]     Checking sct v0.7.0
[INFO] [stderr]    Compiling num-integer v0.1.45
[INFO] [stderr]    Compiling eyre v0.6.8
[INFO] [stderr]    Compiling paste v1.0.12
[INFO] [stderr]     Checking rand_chacha v0.3.1
[INFO] [stderr]    Compiling serde_derive_internals v0.26.0
[INFO] [stderr]     Checking mime v0.3.17
[INFO] [stderr]     Checking indenter v0.3.3
[INFO] [stderr]     Checking rand v0.8.5
[INFO] [stderr]    Compiling pkg-config v0.3.26
[INFO] [stderr]    Compiling async-trait v0.1.68
[INFO] [stderr]     Checking base64 v0.21.0
[INFO] [stderr]     Checking tinyvec_macros v0.1.1
[INFO] [stderr]    Compiling time-macros v0.2.4
[INFO] [stderr]     Checking num_threads v0.1.6
[INFO] [stderr]     Checking rustls-pemfile v1.0.2
[INFO] [stderr]     Checking tinyvec v1.6.0
[INFO] [stderr]     Checking flex-error v0.4.4
[INFO] [stderr]    Compiling num-bigint v0.4.3
[INFO] [stderr]    Compiling axum-core v0.3.3
[INFO] [stderr]    Compiling openssl-sys v0.9.80
[INFO] [stderr]     Checking form_urlencoded v1.1.0
[INFO] [stderr]     Checking webpki v0.21.4
[INFO] [stderr]     Checking sct v0.6.1
[INFO] [stderr]     Checking ripemd v0.1.3
[INFO] [stderr]    Compiling num-rational v0.4.1
[INFO] [stderr]     Checking subtle-ng v2.5.0
[INFO] [stderr]    Compiling ident_case v1.0.1
[INFO] [stderr]     Checking unicode-normalization v0.1.22
[INFO] [stderr]     Checking tower-layer v0.3.2
[INFO] [stderr]     Checking unicode-bidi v0.3.13
[INFO] [stderr]    Compiling strsim v0.10.0
[INFO] [stderr]    Compiling darling_core v0.14.4
[INFO] [stderr]     Checking idna v0.3.0
[INFO] [stderr]    Compiling zeroize_derive v1.4.2
[INFO] [stderr]    Compiling futures-macro v0.3.28
[INFO] [stderr]    Compiling tokio-macros v2.0.0
[INFO] [stderr]    Compiling thiserror-impl v1.0.40
[INFO] [stderr]    Compiling tracing-attributes v0.1.23
[INFO] [stderr]    Compiling schemars_derive v0.8.12
[INFO] [stderr]    Compiling derivative v2.2.0
[INFO] [stderr]     Checking zeroize v1.6.0
[INFO] [stderr]     Checking der v0.6.1
[INFO] [stderr]     Checking crypto-bigint v0.4.9
[INFO] [stderr]     Checking rfc6979 v0.3.1
[INFO] [stderr]     Checking spki v0.6.0
[INFO] [stderr]     Checking tracing v0.1.37
[INFO] [stderr]     Checking curve25519-dalek v3.2.0
[INFO] [stderr]     Checking pkcs8 v0.9.0
[INFO] [stderr]    Compiling cosmwasm-derive v1.2.3
[INFO] [stderr]     Checking sec1 v0.3.0
[INFO] [stderr]    Compiling cosmwasm-schema-derive v1.2.3
[INFO] [stderr]    Compiling prost-derive v0.11.8
[INFO] [stderr]     Checking elliptic-curve v0.12.3
[INFO] [stderr]     Checking ecdsa v0.14.8
[INFO] [stderr]     Checking subtle-encoding v0.5.1
[INFO] [stderr]    Compiling pin-project-internal v1.0.12
[INFO] [stderr]    Compiling num-derive v0.3.3
[INFO] [stderr]     Checking k256 v0.11.6
[INFO] [stderr]     Checking time v0.3.11
[INFO] [stderr]     Checking curve25519-dalek-ng v4.1.1
[INFO] [stderr]     Checking futures-executor v0.3.28
[INFO] [stderr]     Checking futures v0.3.28
[INFO] [stderr]     Checking rustls-native-certs v0.6.2
[INFO] [stderr]    Compiling axum v0.6.12
[INFO] [stderr]    Compiling safe-proc-macro2 v1.0.36
[INFO] [stderr]     Checking ed25519-consensus v2.1.0
[INFO] [stderr]    Compiling darling_macro v0.14.4
[INFO] [stderr]     Checking url v2.3.1
[INFO] [stderr]     Checking pin-project v1.0.12
[INFO] [stderr]    Compiling async-stream-impl v0.3.5
[INFO] [stderr]    Compiling serde_repr v0.1.12
[INFO] [stderr]     Checking rustls v0.19.1
[INFO] [stderr]     Checking sha1 v0.10.5
[INFO] [stderr]     Checking foreign-types-shared v0.1.1
[INFO] [stderr]     Checking sync_wrapper v0.1.2
[INFO] [stderr]     Checking matchit v0.7.0
[INFO] [stderr]    Compiling openssl v0.10.45
[INFO] [stderr]    Compiling unicode-xid v0.2.4
[INFO] [stderr]     Checking foreign-types v0.3.2
[INFO] [stderr]     Checking tracing-futures v0.2.5
[INFO] [stderr]    Compiling openssl-macros v0.1.0
[INFO] [stderr]    Compiling darling v0.14.4
[INFO] [stderr]    Compiling num-iter v0.1.43
[INFO] [stderr]    Compiling native-tls v0.2.11
[INFO] [stderr]     Checking async-stream v0.3.5
[INFO] [stderr]    Compiling safe-quote v1.0.15
[INFO] [stderr]    Compiling derive_builder_core v0.12.0
[INFO] [stderr]     Checking webpki-roots v0.21.1
[INFO] [stderr]     Checking ct-logs v0.8.0
[INFO] [stderr]    Compiling bitcoin-private v0.1.0
[INFO] [stderr]     Checking utf-8 v0.7.6
[INFO] [stderr]    Compiling cw-semver v1.0.14
[INFO] [stderr]    Compiling peg-runtime v0.7.0
[INFO] [stderr]    Compiling safe-regex-compiler v0.2.5
[INFO] [stderr]     Checking rustls-native-certs v0.5.0
[INFO] [stderr]    Compiling cw-ownable-derive v0.5.1
[INFO] [stderr]    Compiling peg-macros v0.7.0
[INFO] [stderr]     Checking num-complex v0.4.3
[INFO] [stderr]    Compiling secp256k1-sys v0.8.1
[INFO] [stderr]     Checking same-file v1.0.6
[INFO] [stderr]    Compiling derive_builder_macro v0.12.0
[INFO] [stderr]    Compiling erased-serde v0.3.25
[INFO] [stderr]    Compiling safe-regex-macro v0.2.5
[INFO] [stderr]     Checking bytes v1.4.0
[INFO] [stderr]     Checking ed25519-zebra v3.1.0
[INFO] [stderr]     Checking http v0.2.9
[INFO] [stderr]     Checking cosmwasm-crypto v1.2.3
[INFO] [stderr]     Checking serde-json-wasm v0.5.0
[INFO] [stderr]     Checking prost v0.11.8
[INFO] [stderr]     Checking serde_bytes v0.11.9
[INFO] [stderr]     Checking ed25519 v1.5.3
[INFO] [stderr]     Checking toml v0.5.11
[INFO] [stderr]     Checking peg v0.7.0
[INFO] [stderr]     Checking prost-types v0.11.8
[INFO] [stderr]     Checking derive_builder v0.12.0
[INFO] [stderr]     Checking http-body v0.4.5
[INFO] [stderr]     Checking headers-core v0.2.0
[INFO] [stderr]     Checking headers v0.3.8
[INFO] [stderr]     Checking cosmwasm-std v1.2.3
[INFO] [stderr]     Checking cosmwasm-schema v1.2.3
[INFO] [stderr]     Checking tungstenite v0.18.0
[INFO] [stderr]     Checking impl-serde v0.4.0
[INFO] [stderr]     Checking walkdir v2.3.3
[INFO] [stderr]     Checking num v0.4.0
[INFO] [stderr]    Compiling rustc_version v0.4.0
[INFO] [stderr]     Checking tendermint-proto v0.30.0
[INFO] [stderr]    Compiling derive_more v0.99.17
[INFO] [stderr]     Checking fixed-hash v0.8.0
[INFO] [stderr]     Checking pbkdf2 v0.11.0
[INFO] [stderr]     Checking uuid v0.8.2
[INFO] [stderr]    Compiling hex_lit v0.1.1
[INFO] [stderr]    Compiling rstest_macros v0.17.0
[INFO] [stderr]     Checking primitive-types v0.12.1
[INFO] [stderr]     Checking bitcoin_hashes v0.12.0
[INFO] [stderr]     Checking speculoos v0.11.0
[INFO] [stderr]     Checking ics23 v0.9.0
[INFO] [stderr]     Checking safe-regex v0.2.5
[INFO] [stderr]     Checking serde_urlencoded v0.7.1
[INFO] [stderr]    Compiling prost-derive v0.9.0
[INFO] [stderr]     Checking webpki-roots v0.22.6
[INFO] [stderr]     Checking rand_chacha v0.2.2
[INFO] [stderr]     Checking bs58 v0.4.0
[INFO] [stderr]     Checking encoding_rs v0.8.32
[INFO] [stderr]     Checking tokio-util v0.7.7
[INFO] [stderr]     Checking tokio-rustls v0.23.4
[INFO] [stderr]     Checking tokio-io-timeout v1.2.0
[INFO] [stderr]     Checking tokio-stream v0.1.12
[INFO] [stderr]     Checking tokio-rustls v0.22.0
[INFO] [stderr]     Checking h2 v0.3.16
[INFO] [stderr]     Checking cw-storage-plus v1.0.1
[INFO] [stderr]     Checking tower v0.4.13
[INFO] [stderr]     Checking cw-address-like v1.0.4
[INFO] [stderr]     Checking abstract-ica v0.14.3
[INFO] [stderr]     Checking async-tungstenite v0.20.0
[INFO] [stderr]     Checking tokio-native-tls v0.3.1
[INFO] [stderr]    Compiling unicode-segmentation v1.10.1
[INFO] [stderr]    Compiling bitcoin v0.30.0
[INFO] [stderr]     Checking cw2 v1.0.1
[INFO] [stderr]     Checking ipnet v2.7.2
[INFO] [stderr]     Checking cw-utils v1.0.1
[INFO] [stderr]     Checking bip32 v0.4.0
[INFO] [stderr]     Checking rand v0.7.3
[INFO] [stderr]    Compiling convert_case v0.6.0
[INFO] [stderr]     Checking secp256k1 v0.27.0
[INFO] [stderr]    Compiling abstract-macros v0.14.3
[INFO] [stderr]     Checking cw20 v1.0.1
[INFO] [stderr]     Checking cw-ownable v0.5.1
[INFO] [stderr]     Checking cw-controllers v1.0.1
[INFO] [stderr]     Checking prost v0.9.0
[INFO] [stderr]     Checking time v0.1.45
[INFO] [stderr]     Checking iana-time-zone v0.1.56
[INFO] [stderr]     Checking bech32 v0.9.1
[INFO] [stderr]     Checking chrono v0.4.24
[INFO] [stderr]     Checking cw-multi-test v0.16.3
[INFO] [stderr]     Checking ed25519-dalek v1.0.1
[INFO] [stderr]    Compiling boot-fns-derive v0.10.0
[INFO] [stderr]     Checking cw-asset v3.0.0
[INFO] [stderr]     Checking cw20-base v1.0.1
[INFO] [stderr]     Checking hkd32 v0.7.0
[INFO] [stderr]     Checking hyper v0.14.25
[INFO] [stderr]    Compiling boot-contract-derive v0.10.0
[INFO] [stderr]     Checking sha256 v1.1.2
[INFO] [stderr]     Checking abstract-core v0.14.3
[INFO] [stderr]     Checking base16 v0.2.1
[INFO] [stderr]     Checking futures-timer v3.0.2
[INFO] [stderr]     Checking tendermint v0.30.0
[INFO] [stderr]     Checking rstest v0.17.0
[INFO] [stderr]     Checking hyper-timeout v0.4.1
[INFO] [stderr]     Checking hyper-rustls v0.22.1
[INFO] [stderr]     Checking hyper-tls v0.5.0
[INFO] [stderr]     Checking hyper-rustls v0.23.2
[INFO] [stderr]     Checking reqwest v0.11.16
[INFO] [stderr]     Checking hyper-proxy v0.9.1
[INFO] [stderr]     Checking tendermint-config v0.30.0
[INFO] [stderr]     Checking tendermint-light-client-verifier v0.30.0
[INFO] [stderr]     Checking tendermint-rpc v0.30.0
[INFO] [stderr]     Checking abstract-testing v0.14.3
[INFO] [stderr]     Checking abstract-sdk v0.14.3
[INFO] [stderr]     Checking abstract-manager v0.14.3 (/opt/rustwide/workdir)
[INFO] [stderr]     Checking tonic v0.8.3
[INFO] [stderr]     Checking ibc-proto v0.28.0
[INFO] [stderr]     Checking cosmos-sdk-proto v0.17.0
[INFO] [stderr]     Checking cosmrs v0.12.0
[INFO] [stderr]     Checking ibc-relayer-types v0.23.0
[INFO] [stderr]     Checking ibc-chain-registry v0.23.0
[INFO] [stderr]     Checking boot-core v0.10.0
[INFO] [stdout] error[E0433]: failed to resolve: use of undeclared crate or module `abstract_api`
[INFO] [stdout]  --> tests/common/mod.rs:8:5
[INFO] [stdout]   |
[INFO] [stdout] 8 | use abstract_api::mock::{BootMockApi, MockInitMsg};
[INFO] [stdout]   |     ^^^^^^^^^^^^ use of undeclared crate or module `abstract_api`
[INFO] [stdout]   |
[INFO] [stdout] help: there is a crate or module with a similar name
[INFO] [stdout]   |
[INFO] [stdout] 8 | use abstract_sdk::mock::{BootMockApi, MockInitMsg};
[INFO] [stdout]   |     ~~~~~~~~~~~~
[INFO] [stdout] 
[INFO] [stdout] 
[INFO] [stdout] error[E0433]: failed to resolve: use of undeclared crate or module `abstract_api`
[INFO] [stdout]  --> tests/common/mod.rs:8:5
[INFO] [stdout]   |
[INFO] [stdout] 8 | use abstract_api::mock::{BootMockApi, MockInitMsg};
[INFO] [stdout]   |     ^^^^^^^^^^^^ use of undeclared crate or module `abstract_api`
[INFO] [stdout]   |
[INFO] [stdout] help: there is a crate or module with a similar name
[INFO] [stdout]   |
[INFO] [stdout] 8 | use abstract_sdk::mock::{BootMockApi, MockInitMsg};
[INFO] [stdout]   |     ~~~~~~~~~~~~
[INFO] [stdout] 
[INFO] [stdout] 
[INFO] [stdout] error[E0432]: unresolved import `abstract_boot`
[INFO] [stdout]  --> tests/common/mod.rs:9:5
[INFO] [stdout]   |
[INFO] [stdout] 9 | use abstract_boot::{
[INFO] [stdout]   |     ^^^^^^^^^^^^^ use of undeclared crate or module `abstract_boot`
[INFO] [stdout]   |
[INFO] [stdout] help: there is a crate or module with a similar name
[INFO] [stdout]   |
[INFO] [stdout] 9 | use abstract_core::{
[INFO] [stdout]   |     ~~~~~~~~~~~~~
[INFO] [stdout] 
[INFO] [stdout] 
[INFO] [stdout] error[E0432]: unresolved import `abstract_boot`
[INFO] [stdout]   --> tests/common/mod.rs:12:5
[INFO] [stdout]    |
[INFO] [stdout] 12 | use abstract_boot::{AbstractAccount, ApiDeployer};
[INFO] [stdout]    |     ^^^^^^^^^^^^^ use of undeclared crate or module `abstract_boot`
[INFO] [stdout]    |
[INFO] [stdout] help: there is a crate or module with a similar name
[INFO] [stdout]    |
[INFO] [stdout] 12 | use abstract_core::{AbstractAccount, ApiDeployer};
[INFO] [stdout]    |     ~~~~~~~~~~~~~
[INFO] [stdout] 
[INFO] [stdout] 
[INFO] [stdout] error[E0432]: unresolved import `abstract_boot`
[INFO] [stdout]  --> tests/common/mod.rs:9:5
[INFO] [stdout]   |
[INFO] [stdout] 9 | use abstract_boot::{
[INFO] [stdout]   |     ^^^^^^^^^^^^^ use of undeclared crate or module `abstract_boot`
[INFO] [stdout]   |
[INFO] [stdout] help: there is a crate or module with a similar name
[INFO] [stdout]   |
[INFO] [stdout] 9 | use abstract_core::{
[INFO] [stdout]   |     ~~~~~~~~~~~~~
[INFO] [stdout] 
[INFO] [stdout] 
[INFO] [stdout] error[E0432]: unresolved import `abstract_boot`
[INFO] [stdout]   --> tests/common/mod.rs:12:5
[INFO] [stdout]    |
[INFO] [stdout] 12 | use abstract_boot::{AbstractAccount, ApiDeployer};
[INFO] [stdout]    |     ^^^^^^^^^^^^^ use of undeclared crate or module `abstract_boot`
[INFO] [stdout]    |
[INFO] [stdout] help: there is a crate or module with a similar name
[INFO] [stdout]    |
[INFO] [stdout] 12 | use abstract_core::{AbstractAccount, ApiDeployer};
[INFO] [stdout]    |     ~~~~~~~~~~~~~
[INFO] [stdout] 
[INFO] [stdout] 
[INFO] [stdout] error[E0432]: unresolved import `abstract_boot`
[INFO] [stdout]  --> tests/apps.rs:2:5
[INFO] [stdout]   |
[INFO] [stdout] 2 | use abstract_boot::*;
[INFO] [stdout]   |     ^^^^^^^^^^^^^ use of undeclared crate or module `abstract_boot`
[INFO] [stdout]   |
[INFO] [stdout] help: there is a crate or module with a similar name
[INFO] [stdout]   |
[INFO] [stdout] 2 | use abstract_core::*;
[INFO] [stdout]   |     ~~~~~~~~~~~~~
[INFO] [stdout] 
[INFO] [stdout] 
[INFO] [stdout] error[E0433]: failed to resolve: use of undeclared crate or module `abstract_api`
[INFO] [stdout]  --> tests/common/mock_modules.rs:4:5
[INFO] [stdout]   |
[INFO] [stdout] 4 | use abstract_api::mock::MockInitMsg;
[INFO] [stdout]   |     ^^^^^^^^^^^^ use of undeclared crate or module `abstract_api`
[INFO] [stdout]   |
[INFO] [stdout] help: there is a crate or module with a similar name
[INFO] [stdout]   |
[INFO] [stdout] 4 | use abstract_sdk::mock::MockInitMsg;
[INFO] [stdout]   |     ~~~~~~~~~~~~
[INFO] [stdout] 
[INFO] [stdout] 
[INFO] [stdout] error[E0433]: failed to resolve: use of undeclared crate or module `abstract_api`
[INFO] [stdout]  --> tests/common/mock_modules.rs:5:5
[INFO] [stdout]   |
[INFO] [stdout] 5 | use abstract_api::{mock::MockError as ApiMockError, ApiContract};
[INFO] [stdout]   |     ^^^^^^^^^^^^ use of undeclared crate or module `abstract_api`
[INFO] [stdout]   |
[INFO] [stdout] help: there is a crate or module with a similar name
[INFO] [stdout]   |
[INFO] [stdout] 5 | use abstract_sdk::{mock::MockError as ApiMockError, ApiContract};
[INFO] [stdout]   |     ~~~~~~~~~~~~
[INFO] [stdout] 
[INFO] [stdout] 
[INFO] [stdout] error[E0432]: unresolved import `abstract_api`
[INFO] [stdout]  --> tests/common/mock_modules.rs:3:5
[INFO] [stdout]   |
[INFO] [stdout] 3 | use abstract_api::gen_api_mock;
[INFO] [stdout]   |     ^^^^^^^^^^^^ use of undeclared crate or module `abstract_api`
[INFO] [stdout]   |
[INFO] [stdout] help: there is a crate or module with a similar name
[INFO] [stdout]   |
[INFO] [stdout] 3 | use abstract_sdk::gen_api_mock;
[INFO] [stdout]   |     ~~~~~~~~~~~~
[INFO] [stdout] 
[INFO] [stdout] 
[INFO] [stdout] error[E0432]: unresolved import `abstract_api`
[INFO] [stdout]  --> tests/common/mock_modules.rs:5:5
[INFO] [stdout]   |
[INFO] [stdout] 5 | use abstract_api::{mock::MockError as ApiMockError, ApiContract};
[INFO] [stdout]   |     ^^^^^^^^^^^^ use of undeclared crate or module `abstract_api`
[INFO] [stdout]   |
[INFO] [stdout] help: there is a crate or module with a similar name
[INFO] [stdout]   |
[INFO] [stdout] 5 | use abstract_sdk::{mock::MockError as ApiMockError, ApiContract};
[INFO] [stdout]   |     ~~~~~~~~~~~~
[INFO] [stdout] 
[INFO] [stdout] 
[INFO] [stdout] error[E0433]: failed to resolve: use of undeclared crate or module `abstract_app`
[INFO] [stdout]  --> tests/common/mock_modules.rs:7:5
[INFO] [stdout]   |
[INFO] [stdout] 7 | use abstract_app::mock::MockError as AppMockError;
[INFO] [stdout]   |     ^^^^^^^^^^^^ use of undeclared crate or module `abstract_app`
[INFO] [stdout]   |
[INFO] [stdout] help: there is a crate or module with a similar name
[INFO] [stdout]   |
[INFO] [stdout] 7 | use abstract_sdk::mock::MockError as AppMockError;
[INFO] [stdout]   |     ~~~~~~~~~~~~
[INFO] [stdout] 
[INFO] [stdout] 
[INFO] [stdout] error[E0432]: unresolved import `abstract_boot`
[INFO] [stdout]  --> tests/proxy.rs:2:5
[INFO] [stdout]   |
[INFO] [stdout] 2 | use abstract_boot::*;
[INFO] [stdout]   |     ^^^^^^^^^^^^^ use of undeclared crate or module `abstract_boot`
[INFO] [stdout]   |
[INFO] [stdout] help: there is a crate or module with a similar name
[INFO] [stdout]   |
[INFO] [stdout] 2 | use abstract_core::*;
[INFO] [stdout]   |     ~~~~~~~~~~~~~
[INFO] [stdout] 
[INFO] [stdout] 
[INFO] [stdout] error[E0433]: failed to resolve: use of undeclared crate or module `abstract_api`
[INFO] [stdout]  --> tests/common/mock_modules.rs:4:5
[INFO] [stdout]   |
[INFO] [stdout] 4 | use abstract_api::mock::MockInitMsg;
[INFO] [stdout]   |     ^^^^^^^^^^^^ use of undeclared crate or module `abstract_api`
[INFO] [stdout]   |
[INFO] [stdout] help: there is a crate or module with a similar name
[INFO] [stdout]   |
[INFO] [stdout] 4 | use abstract_sdk::mock::MockInitMsg;
[INFO] [stdout]   |     ~~~~~~~~~~~~
[INFO] [stdout] 
[INFO] [stdout] 
[INFO] [stdout] error[E0433]: failed to resolve: use of undeclared crate or module `abstract_api`
[INFO] [stdout]  --> tests/common/mock_modules.rs:5:5
[INFO] [stdout]   |
[INFO] [stdout] 5 | use abstract_api::{mock::MockError as ApiMockError, ApiContract};
[INFO] [stdout]   |     ^^^^^^^^^^^^ use of undeclared crate or module `abstract_api`
[INFO] [stdout]   |
[INFO] [stdout] help: there is a crate or module with a similar name
[INFO] [stdout]   |
[INFO] [stdout] 5 | use abstract_sdk::{mock::MockError as ApiMockError, ApiContract};
[INFO] [stdout]   |     ~~~~~~~~~~~~
[INFO] [stdout] 
[INFO] [stdout] 
[INFO] [stdout] error[E0432]: unresolved import `abstract_api`
[INFO] [stdout]  --> tests/common/mock_modules.rs:3:5
[INFO] [stdout]   |
[INFO] [stdout] 3 | use abstract_api::gen_api_mock;
[INFO] [stdout]   |     ^^^^^^^^^^^^ use of undeclared crate or module `abstract_api`
[INFO] [stdout]   |
[INFO] [stdout] help: there is a crate or module with a similar name
[INFO] [stdout]   |
[INFO] [stdout] 3 | use abstract_sdk::gen_api_mock;
[INFO] [stdout]   |     ~~~~~~~~~~~~
[INFO] [stdout] 
[INFO] [stdout] 
[INFO] [stdout] error[E0432]: unresolved import `abstract_api`
[INFO] [stdout]  --> tests/common/mock_modules.rs:5:5
[INFO] [stdout]   |
[INFO] [stdout] 5 | use abstract_api::{mock::MockError as ApiMockError, ApiContract};
[INFO] [stdout]   |     ^^^^^^^^^^^^ use of undeclared crate or module `abstract_api`
[INFO] [stdout]   |
[INFO] [stdout] help: there is a crate or module with a similar name
[INFO] [stdout]   |
[INFO] [stdout] 5 | use abstract_sdk::{mock::MockError as ApiMockError, ApiContract};
[INFO] [stdout]   |     ~~~~~~~~~~~~
[INFO] [stdout] 
[INFO] [stdout] 
[INFO] [stdout] error[E0433]: failed to resolve: use of undeclared crate or module `abstract_app`
[INFO] [stdout]  --> tests/common/mock_modules.rs:7:5
[INFO] [stdout]   |
[INFO] [stdout] 7 | use abstract_app::mock::MockError as AppMockError;
[INFO] [stdout]   |     ^^^^^^^^^^^^ use of undeclared crate or module `abstract_app`
[INFO] [stdout]   |
[INFO] [stdout] help: there is a crate or module with a similar name
[INFO] [stdout]   |
[INFO] [stdout] 7 | use abstract_sdk::mock::MockError as AppMockError;
[INFO] [stdout]   |     ~~~~~~~~~~~~
[INFO] [stdout] 
[INFO] [stdout] 
[INFO] [stdout] error[E0432]: unresolved import `abstract_app`
[INFO] [stdout]  --> tests/common/mock_modules.rs:6:5
[INFO] [stdout]   |
[INFO] [stdout] 6 | use abstract_app::gen_app_mock;
[INFO] [stdout]   |     ^^^^^^^^^^^^ use of undeclared crate or module `abstract_app`
[INFO] [stdout]   |
[INFO] [stdout] help: there is a crate or module with a similar name
[INFO] [stdout]   |
[INFO] [stdout] 6 | use abstract_sdk::gen_app_mock;
[INFO] [stdout]   |     ~~~~~~~~~~~~
[INFO] [stdout] 
[INFO] [stdout] 
[INFO] [stdout] error[E0432]: unresolved import `abstract_app`
[INFO] [stdout]  --> tests/common/mock_modules.rs:8:5
[INFO] [stdout]   |
[INFO] [stdout] 8 | use abstract_app::AppContract;
[INFO] [stdout]   |     ^^^^^^^^^^^^ use of undeclared crate or module `abstract_app`
[INFO] [stdout]   |
[INFO] [stdout] help: there is a crate or module with a similar name
[INFO] [stdout]   |
[INFO] [stdout] 8 | use abstract_sdk::AppContract;
[INFO] [stdout]   |     ~~~~~~~~~~~~
[INFO] [stdout] 
[INFO] [stdout] 
[INFO] [stdout] error[E0432]: unresolved import `abstract_boot`
[INFO] [stdout]  --> tests/common/mock_modules.rs:9:5
[INFO] [stdout]   |
[INFO] [stdout] 9 | use abstract_boot::{ApiDeployer, AppDeployer};
[INFO] [stdout]   |     ^^^^^^^^^^^^^ use of undeclared crate or module `abstract_boot`
[INFO] [stdout]   |
[INFO] [stdout] help: there is a crate or module with a similar name
[INFO] [stdout]   |
[INFO] [stdout] 9 | use abstract_core::{ApiDeployer, AppDeployer};
[INFO] [stdout]   |     ~~~~~~~~~~~~~
[INFO] [stdout] 
[INFO] [stdout] 
[INFO] [stdout] error[E0432]: unresolved import `abstract_app`
[INFO] [stdout]  --> tests/common/mock_modules.rs:6:5
[INFO] [stdout]   |
[INFO] [stdout] 6 | use abstract_app::gen_app_mock;
[INFO] [stdout]   |     ^^^^^^^^^^^^ use of undeclared crate or module `abstract_app`
[INFO] [stdout]   |
[INFO] [stdout] help: there is a crate or module with a similar name
[INFO] [stdout]   |
[INFO] [stdout] 6 | use abstract_sdk::gen_app_mock;
[INFO] [stdout]   |     ~~~~~~~~~~~~
[INFO] [stdout] 
[INFO] [stdout] 
[INFO] [stdout] error[E0432]: unresolved import `abstract_app`
[INFO] [stdout]  --> tests/common/mock_modules.rs:8:5
[INFO] [stdout]   |
[INFO] [stdout] 8 | use abstract_app::AppContract;
[INFO] [stdout]   |     ^^^^^^^^^^^^ use of undeclared crate or module `abstract_app`
[INFO] [stdout]   |
[INFO] [stdout] help: there is a crate or module with a similar name
[INFO] [stdout]   |
[INFO] [stdout] 8 | use abstract_sdk::AppContract;
[INFO] [stdout]   |     ~~~~~~~~~~~~
[INFO] [stdout] 
[INFO] [stdout] 
[INFO] [stdout] error: cannot determine resolution for the macro `gen_api_mock`
[INFO] [stdout]   --> tests/common/mock_modules.rs:65:9
[INFO] [stdout]    |
[INFO] [stdout] 65 |         gen_api_mock!(BootMockApi1V1, MOCK_API_ID, "1.0.0", &[]);
[INFO] [stdout]    |         ^^^^^^^^^^^^
[INFO] [stdout]    |
[INFO] [stdout]    = note: import resolution is stuck, try simplifying macro imports
[INFO] [stdout] 
[INFO] [stdout] 
[INFO] [stdout] error[E0432]: unresolved import `abstract_boot`
[INFO] [stdout]  --> tests/common/mock_modules.rs:9:5
[INFO] [stdout]   |
[INFO] [stdout] 9 | use abstract_boot::{ApiDeployer, AppDeployer};
[INFO] [stdout]   |     ^^^^^^^^^^^^^ use of undeclared crate or module `abstract_boot`
[INFO] [stdout]   |
[INFO] [stdout] help: there is a crate or module with a similar name
[INFO] [stdout]   |
[INFO] [stdout] 9 | use abstract_core::{ApiDeployer, AppDeployer};
[INFO] [stdout]   |     ~~~~~~~~~~~~~
[INFO] [stdout] 
[INFO] [stdout] 
[INFO] [stdout] error: cannot determine resolution for the macro `gen_api_mock`
[INFO] [stdout]   --> tests/common/mock_modules.rs:65:9
[INFO] [stdout]    |
[INFO] [stdout] 65 |         gen_api_mock!(BootMockApi1V1, MOCK_API_ID, "1.0.0", &[]);
[INFO] [stdout]    |         ^^^^^^^^^^^^
[INFO] [stdout]    |
[INFO] [stdout]    = note: import resolution is stuck, try simplifying macro imports
[INFO] [stdout] 
[INFO] [stdout] 
[INFO] [stdout] error: cannot determine resolution for the macro `gen_api_mock`
[INFO] [stdout]   --> tests/common/mock_modules.rs:70:9
[INFO] [stdout]    |
[INFO] [stdout] 70 |         gen_api_mock!(BootMockApi1V2, MOCK_API_ID, "2.0.0", &[]);
[INFO] [stdout]    |         ^^^^^^^^^^^^
[INFO] [stdout]    |
[INFO] [stdout]    = note: import resolution is stuck, try simplifying macro imports
[INFO] [stdout] 
[INFO] [stdout] 
[INFO] [stdout] error: cannot determine resolution for the macro `gen_api_mock`
[INFO] [stdout]   --> tests/common/mock_modules.rs:84:9
[INFO] [stdout]    |
[INFO] [stdout] 84 |         gen_api_mock!(BootMockApi2V1, MOCK_API_ID, "1.0.0", &[]);
[INFO] [stdout]    |         ^^^^^^^^^^^^
[INFO] [stdout]    |
[INFO] [stdout]    = note: import resolution is stuck, try simplifying macro imports
[INFO] [stdout] 
[INFO] [stdout] 
[INFO] [stdout] error: cannot determine resolution for the macro `gen_api_mock`
[INFO] [stdout]   --> tests/common/mock_modules.rs:70:9
[INFO] [stdout]    |
[INFO] [stdout] 70 |         gen_api_mock!(BootMockApi1V2, MOCK_API_ID, "2.0.0", &[]);
[INFO] [stdout]    |         ^^^^^^^^^^^^
[INFO] [stdout]    |
[INFO] [stdout]    = note: import resolution is stuck, try simplifying macro imports
[INFO] [stdout] 
[INFO] [stdout] 
[INFO] [stdout] error: cannot determine resolution for the macro `gen_api_mock`
[INFO] [stdout]   --> tests/common/mock_modules.rs:89:9
[INFO] [stdout]    |
[INFO] [stdout] 89 |         gen_api_mock!(BootMockApi2V2, MOCK_API_ID, "2.0.0", &[]);
[INFO] [stdout]    |         ^^^^^^^^^^^^
[INFO] [stdout]    |
[INFO] [stdout]    = note: import resolution is stuck, try simplifying macro imports
[INFO] [stdout] 
[INFO] [stdout] 
[INFO] [stdout] error: cannot determine resolution for the macro `gen_api_mock`
[INFO] [stdout]   --> tests/common/mock_modules.rs:94:9
[INFO] [stdout]    |
[INFO] [stdout] 94 |         gen_api_mock!(BootMockApi2V0_1_0, MOCK_API_ID, "0.1.0", &[]);
[INFO] [stdout]    |         ^^^^^^^^^^^^
[INFO] [stdout]    |
[INFO] [stdout]    = note: import resolution is stuck, try simplifying macro imports
[INFO] [stdout] 
[INFO] [stdout] 
[INFO] [stdout] error: cannot determine resolution for the macro `gen_app_mock`
[INFO] [stdout]    --> tests/common/mock_modules.rs:106:9
[INFO] [stdout]     |
[INFO] [stdout] 106 |         gen_app_mock!(
[INFO] [stdout]     |         ^^^^^^^^^^^^
[INFO] [stdout]     |
[INFO] [stdout]     = note: import resolution is stuck, try simplifying macro imports
[INFO] [stdout] 
[INFO] [stdout] 
[INFO] [stdout] error: cannot determine resolution for the macro `gen_api_mock`
[INFO] [stdout]   --> tests/common/mock_modules.rs:84:9
[INFO] [stdout]    |
[INFO] [stdout] 84 |         gen_api_mock!(BootMockApi2V1, MOCK_API_ID, "1.0.0", &[]);
[INFO] [stdout]    |         ^^^^^^^^^^^^
[INFO] [stdout]    |
[INFO] [stdout]    = note: import resolution is stuck, try simplifying macro imports
[INFO] [stdout] 
[INFO] [stdout] 
[INFO] [stdout] error: cannot determine resolution for the macro `gen_app_mock`
[INFO] [stdout]    --> tests/common/mock_modules.rs:119:9
[INFO] [stdout]     |
[INFO] [stdout] 119 |         gen_app_mock!(
[INFO] [stdout]     |         ^^^^^^^^^^^^
[INFO] [stdout]     |
[INFO] [stdout]     = note: import resolution is stuck, try simplifying macro imports
[INFO] [stdout] 
[INFO] [stdout] 
[INFO] [stdout] error: cannot determine resolution for the macro `gen_api_mock`
[INFO] [stdout]   --> tests/common/mock_modules.rs:89:9
[INFO] [stdout]    |
[INFO] [stdout] 89 |         gen_api_mock!(BootMockApi2V2, MOCK_API_ID, "2.0.0", &[]);
[INFO] [stdout]    |         ^^^^^^^^^^^^
[INFO] [stdout]    |
[INFO] [stdout]    = note: import resolution is stuck, try simplifying macro imports
[INFO] [stdout] 
[INFO] [stdout] 
[INFO] [stdout] error: cannot determine resolution for the macro `gen_api_mock`
[INFO] [stdout]   --> tests/common/mock_modules.rs:94:9
[INFO] [stdout]    |
[INFO] [stdout] 94 |         gen_api_mock!(BootMockApi2V0_1_0, MOCK_API_ID, "0.1.0", &[]);
[INFO] [stdout]    |         ^^^^^^^^^^^^
[INFO] [stdout]    |
[INFO] [stdout]    = note: import resolution is stuck, try simplifying macro imports
[INFO] [stdout] 
[INFO] [stdout] 
[INFO] [stdout] error: cannot determine resolution for the macro `gen_app_mock`
[INFO] [stdout]    --> tests/common/mock_modules.rs:106:9
[INFO] [stdout]     |
[INFO] [stdout] 106 |         gen_app_mock!(
[INFO] [stdout]     |         ^^^^^^^^^^^^
[INFO] [stdout]     |
[INFO] [stdout]     = note: import resolution is stuck, try simplifying macro imports
[INFO] [stdout] 
[INFO] [stdout] 
[INFO] [stdout] error: cannot determine resolution for the macro `gen_app_mock`
[INFO] [stdout]    --> tests/common/mock_modules.rs:119:9
[INFO] [stdout]     |
[INFO] [stdout] 119 |         gen_app_mock!(
[INFO] [stdout]     |         ^^^^^^^^^^^^
[INFO] [stdout]     |
[INFO] [stdout]     = note: import resolution is stuck, try simplifying macro imports
[INFO] [stdout] 
[INFO] [stdout] 
[INFO] [stdout] error[E0433]: failed to resolve: use of undeclared crate or module `abstract_api`
[INFO] [stdout]  --> tests/common/mod.rs:8:5
[INFO] [stdout]   |
[INFO] [stdout] 8 | use abstract_api::mock::{BootMockApi, MockInitMsg};
[INFO] [stdout]   |     ^^^^^^^^^^^^ use of undeclared crate or module `abstract_api`
[INFO] [stdout]   |
[INFO] [stdout] help: there is a crate or module with a similar name
[INFO] [stdout]   |
[INFO] [stdout] 8 | use abstract_sdk::mock::{BootMockApi, MockInitMsg};
[INFO] [stdout]   |     ~~~~~~~~~~~~
[INFO] [stdout] 
[INFO] [stdout] 
[INFO] [stdout] error[E0432]: unresolved import `abstract_boot`
[INFO] [stdout]  --> tests/common/mod.rs:9:5
[INFO] [stdout]   |
[INFO] [stdout] 9 | use abstract_boot::{
[INFO] [stdout]   |     ^^^^^^^^^^^^^ use of undeclared crate or module `abstract_boot`
[INFO] [stdout]   |
[INFO] [stdout] help: there is a crate or module with a similar name
[INFO] [stdout]   |
[INFO] [stdout] 9 | use abstract_core::{
[INFO] [stdout]   |     ~~~~~~~~~~~~~
[INFO] [stdout] 
[INFO] [stdout] 
[INFO] [stdout] error[E0433]: failed to resolve: could not find `BootMockApi1V1` in `self`
[INFO] [stdout]   --> tests/common/mock_modules.rs:25:11
[INFO] [stdout]    |
[INFO] [stdout] 25 |     self::BootMockApi1V1::new(mock.clone())
[INFO] [stdout]    |           ^^^^^^^^^^^^^^ could not find `BootMockApi1V1` in `self`
[INFO] [stdout] 
[INFO] [stdout] 
[INFO] [stdout] error[E0433]: failed to resolve: could not find `BootMockApi1V1` in `self`
[INFO] [stdout]   --> tests/common/mock_modules.rs:25:11
[INFO] [stdout]    |
[INFO] [stdout] 25 |     self::BootMockApi1V1::new(mock.clone())
[INFO] [stdout]    |           ^^^^^^^^^^^^^^ could not find `BootMockApi1V1` in `self`
[INFO] [stdout] 
[INFO] [stdout] 
[INFO] [stdout] error[E0433]: failed to resolve: could not find `BootMockApi1V2` in `self`
[INFO] [stdout]   --> tests/common/mock_modules.rs:30:11
[INFO] [stdout]    |
[INFO] [stdout] 30 |     self::BootMockApi1V2::new(mock.clone())
[INFO] [stdout]    |           ^^^^^^^^^^^^^^ could not find `BootMockApi1V2` in `self`
[INFO] [stdout] 
[INFO] [stdout] 
[INFO] [stdout] error[E0433]: failed to resolve: could not find `BootMockApi1V2` in `self`
[INFO] [stdout]   --> tests/common/mock_modules.rs:30:11
[INFO] [stdout]    |
[INFO] [stdout] 30 |     self::BootMockApi1V2::new(mock.clone())
[INFO] [stdout]    |           ^^^^^^^^^^^^^^ could not find `BootMockApi1V2` in `self`
[INFO] [stdout] 
[INFO] [stdout] 
[INFO] [stdout] error[E0433]: failed to resolve: could not find `BootMockApi2V1` in `self`
[INFO] [stdout]   --> tests/common/mock_modules.rs:35:11
[INFO] [stdout]    |
[INFO] [stdout] 35 |     self::BootMockApi2V1::new(mock.clone())
[INFO] [stdout]    |           ^^^^^^^^^^^^^^ could not find `BootMockApi2V1` in `self`
[INFO] [stdout] 
[INFO] [stdout] 
[INFO] [stdout] error[E0432]: unresolved import `abstract_boot`
[INFO] [stdout]   --> tests/common/mod.rs:12:5
[INFO] [stdout]    |
[INFO] [stdout] 12 | use abstract_boot::{AbstractAccount, ApiDeployer};
[INFO] [stdout]    |     ^^^^^^^^^^^^^ use of undeclared crate or module `abstract_boot`
[INFO] [stdout]    |
[INFO] [stdout] help: there is a crate or module with a similar name
[INFO] [stdout]    |
[INFO] [stdout] 12 | use abstract_core::{AbstractAccount, ApiDeployer};
[INFO] [stdout]    |     ~~~~~~~~~~~~~
[INFO] [stdout] 
[INFO] [stdout] 
[INFO] [stdout] error[E0433]: failed to resolve: could not find `BootMockApi2V1` in `self`
[INFO] [stdout]   --> tests/common/mock_modules.rs:35:11
[INFO] [stdout]    |
[INFO] [stdout] 35 |     self::BootMockApi2V1::new(mock.clone())
[INFO] [stdout]    |           ^^^^^^^^^^^^^^ could not find `BootMockApi2V1` in `self`
[INFO] [stdout] 
[INFO] [stdout] 
[INFO] [stdout] error[E0433]: failed to resolve: could not find `BootMockApi2V2` in `self`
[INFO] [stdout]   --> tests/common/mock_modules.rs:40:11
[INFO] [stdout]    |
[INFO] [stdout] 40 |     self::BootMockApi2V2::new(mock.clone())
[INFO] [stdout]    |           ^^^^^^^^^^^^^^ could not find `BootMockApi2V2` in `self`
[INFO] [stdout] 
[INFO] [stdout] 
[INFO] [stdout] error[E0433]: failed to resolve: could not find `BootMockApi2V2` in `self`
[INFO] [stdout]   --> tests/common/mock_modules.rs:40:11
[INFO] [stdout]    |
[INFO] [stdout] 40 |     self::BootMockApi2V2::new(mock.clone())
[INFO] [stdout]    |           ^^^^^^^^^^^^^^ could not find `BootMockApi2V2` in `self`
[INFO] [stdout] 
[INFO] [stdout] 
[INFO] [stdout] error[E0433]: failed to resolve: could not find `BootMockApp1V1` in `self`
[INFO] [stdout]   --> tests/common/mock_modules.rs:45:11
[INFO] [stdout]    |
[INFO] [stdout] 45 |     self::BootMockApp1V1::new(mock.clone())
[INFO] [stdout]    |           ^^^^^^^^^^^^^^ could not find `BootMockApp1V1` in `self`
[INFO] [stdout] 
[INFO] [stdout] 
[INFO] [stdout] error[E0432]: unresolved import `abstract_core::manager::QueryMsgFns`
[INFO] [stdout]    --> tests/upgrades.rs:325:9
[INFO] [stdout]     |
[INFO] [stdout] 325 |     use abstract_core::manager::QueryMsgFns as _;
[INFO] [stdout]     |         ^^^^^^^^^^^^^^^^^^^^^^^^-----------^^^^^
[INFO] [stdout]     |         |                       |
[INFO] [stdout]     |         |                       help: a similar name exists in the module: `QueryMsg`
[INFO] [stdout]     |         no `QueryMsgFns` in `core::manager`
[INFO] [stdout] 
[INFO] [stdout] 
[INFO] [stdout] error[E0432]: unresolved import `abstract_core::api::BaseQueryMsgFns`
[INFO] [stdout]    --> tests/upgrades.rs:331:9
[INFO] [stdout]     |
[INFO] [stdout] 331 |     use abstract_core::api::BaseQueryMsgFns as _;
[INFO] [stdout]     |         ^^^^^^^^^^^^^^^^^^^^---------------^^^^^
[INFO] [stdout]     |         |                   |
[INFO] [stdout]     |         |                   help: a similar name exists in the module: `BaseQueryMsg`
[INFO] [stdout]     |         no `BaseQueryMsgFns` in `api`
[INFO] [stdout] 
[INFO] [stdout] 
[INFO] [stdout] error[E0433]: failed to resolve: use of undeclared crate or module `abstract_api`
[INFO] [stdout]  --> tests/common/mock_modules.rs:4:5
[INFO] [stdout]   |
[INFO] [stdout] 4 | use abstract_api::mock::MockInitMsg;
[INFO] [stdout]   |     ^^^^^^^^^^^^ use of undeclared crate or module `abstract_api`
[INFO] [stdout]   |
[INFO] [stdout] help: there is a crate or module with a similar name
[INFO] [stdout]   |
[INFO] [stdout] 4 | use abstract_sdk::mock::MockInitMsg;
[INFO] [stdout]   |     ~~~~~~~~~~~~
[INFO] [stdout] 
[INFO] [stdout] 
[INFO] [stdout] error[E0433]: failed to resolve: could not find `BootMockApp1V2` in `self`
[INFO] [stdout]   --> tests/common/mock_modules.rs:50:11
[INFO] [stdout]    |
[INFO] [stdout] 50 |     self::BootMockApp1V2::new(mock.clone())
[INFO] [stdout]    |           ^^^^^^^^^^^^^^ could not find `BootMockApp1V2` in `self`
[INFO] [stdout] 
[INFO] [stdout] 
[INFO] [stdout] error[E0433]: failed to resolve: use of undeclared crate or module `abstract_api`
[INFO] [stdout]  --> tests/common/mock_modules.rs:5:5
[INFO] [stdout]   |
[INFO] [stdout] 5 | use abstract_api::{mock::MockError as ApiMockError, ApiContract};
[INFO] [stdout]   |     ^^^^^^^^^^^^ use of undeclared crate or module `abstract_api`
[INFO] [stdout]   |
[INFO] [stdout] help: there is a crate or module with a similar name
[INFO] [stdout]   |
[INFO] [stdout] 5 | use abstract_sdk::{mock::MockError as ApiMockError, ApiContract};
[INFO] [stdout]   |     ~~~~~~~~~~~~
[INFO] [stdout] 
[INFO] [stdout] 
[INFO] [stdout] error[E0432]: unresolved import `abstract_api`
[INFO] [stdout]  --> tests/common/mock_modules.rs:3:5
[INFO] [stdout]   |
[INFO] [stdout] 3 | use abstract_api::gen_api_mock;
[INFO] [stdout]   |     ^^^^^^^^^^^^ use of undeclared crate or module `abstract_api`
[INFO] [stdout]   |
[INFO] [stdout] help: there is a crate or module with a similar name
[INFO] [stdout]   |
[INFO] [stdout] 3 | use abstract_sdk::gen_api_mock;
[INFO] [stdout]   |     ~~~~~~~~~~~~
[INFO] [stdout] 
[INFO] [stdout] 
[INFO] [stdout] error[E0432]: unresolved import `abstract_api`
[INFO] [stdout]  --> tests/common/mock_modules.rs:5:5
[INFO] [stdout]   |
[INFO] [stdout] 5 | use abstract_api::{mock::MockError as ApiMockError, ApiContract};
[INFO] [stdout]   |     ^^^^^^^^^^^^ use of undeclared crate or module `abstract_api`
[INFO] [stdout]   |
[INFO] [stdout] help: there is a crate or module with a similar name
[INFO] [stdout]   |
[INFO] [stdout] 5 | use abstract_sdk::{mock::MockError as ApiMockError, ApiContract};
[INFO] [stdout]   |     ~~~~~~~~~~~~
[INFO] [stdout] 
[INFO] [stdout] 
[INFO] [stdout] error[E0433]: failed to resolve: use of undeclared crate or module `abstract_app`
[INFO] [stdout]  --> tests/common/mock_modules.rs:7:5
[INFO] [stdout]   |
[INFO] [stdout] 7 | use abstract_app::mock::MockError as AppMockError;
[INFO] [stdout]   |     ^^^^^^^^^^^^ use of undeclared crate or module `abstract_app`
[INFO] [stdout]   |
[INFO] [stdout] help: there is a crate or module with a similar name
[INFO] [stdout]   |
[INFO] [stdout] 7 | use abstract_sdk::mock::MockError as AppMockError;
[INFO] [stdout]   |     ~~~~~~~~~~~~
[INFO] [stdout] 
[INFO] [stdout] 
[INFO] [stdout] error[E0433]: failed to resolve: could not find `BootMockApp1V1` in `self`
[INFO] [stdout]   --> tests/common/mock_modules.rs:45:11
[INFO] [stdout]    |
[INFO] [stdout] 45 |     self::BootMockApp1V1::new(mock.clone())
[INFO] [stdout]    |           ^^^^^^^^^^^^^^ could not find `BootMockApp1V1` in `self`
[INFO] [stdout] 
[INFO] [stdout] 
[INFO] [stdout] error[E0432]: unresolved import `abstract_app`
[INFO] [stdout]  --> tests/common/mock_modules.rs:6:5
[INFO] [stdout]   |
[INFO] [stdout] 6 | use abstract_app::gen_app_mock;
[INFO] [stdout]   |     ^^^^^^^^^^^^ use of undeclared crate or module `abstract_app`
[INFO] [stdout]   |
[INFO] [stdout] help: there is a crate or module with a similar name
[INFO] [stdout]   |
[INFO] [stdout] 6 | use abstract_sdk::gen_app_mock;
[INFO] [stdout]   |     ~~~~~~~~~~~~
[INFO] [stdout] 
[INFO] [stdout] 
[INFO] [stdout] error[E0432]: unresolved import `abstract_app`
[INFO] [stdout]  --> tests/common/mock_modules.rs:8:5
[INFO] [stdout]   |
[INFO] [stdout] 8 | use abstract_app::AppContract;
[INFO] [stdout]   |     ^^^^^^^^^^^^ use of undeclared crate or module `abstract_app`
[INFO] [stdout]   |
[INFO] [stdout] help: there is a crate or module with a similar name
[INFO] [stdout]   |
[INFO] [stdout] 8 | use abstract_sdk::AppContract;
[INFO] [stdout]   |     ~~~~~~~~~~~~
[INFO] [stdout] 
[INFO] [stdout] 
[INFO] [stdout] warning: unused import: `Deploy`
[INFO] [stdout]  --> tests/apps.rs:5:65
[INFO] [stdout]   |
[INFO] [stdout] 5 | use boot_core::{instantiate_default_mock_env, ContractInstance, Deploy};
[INFO] [stdout]   |                                                                 ^^^^^^
[INFO] [stdout]   |
[INFO] [stdout]   = note: `#[warn(unused_imports)]` on by default
[INFO] [stdout] 
[INFO] [stdout] 
[INFO] [stdout] error[E0433]: failed to resolve: could not find `BootMockApp1V2` in `self`
[INFO] [stdout]   --> tests/common/mock_modules.rs:50:11
[INFO] [stdout]    |
[INFO] [stdout] 50 |     self::BootMockApp1V2::new(mock.clone())
[INFO] [stdout]    |           ^^^^^^^^^^^^^^ could not find `BootMockApp1V2` in `self`
[INFO] [stdout] 
[INFO] [stdout] 
[INFO] [stdout] error[E0433]: failed to resolve: use of undeclared crate or module `abstract_app`
[INFO] [stdout]  --> tests/upgrades.rs:3:5
[INFO] [stdout]   |
[INFO] [stdout] 3 | use abstract_app::mock::{MockInitMsg, MockMigrateMsg};
[INFO] [stdout]   |     ^^^^^^^^^^^^ use of undeclared crate or module `abstract_app`
[INFO] [stdout]   |
[INFO] [stdout] help: there is a crate or module with a similar name
[INFO] [stdout]   |
[INFO] [stdout] 3 | use abstract_sdk::mock::{MockInitMsg, MockMigrateMsg};
[INFO] [stdout]   |     ~~~~~~~~~~~~
[INFO] [stdout] 
[INFO] [stdout] 
[INFO] [stdout] error[E0432]: unresolved import `abstract_boot`
[INFO] [stdout]  --> tests/common/mock_modules.rs:9:5
[INFO] [stdout]   |
[INFO] [stdout] 9 | use abstract_boot::{ApiDeployer, AppDeployer};
[INFO] [stdout]   |     ^^^^^^^^^^^^^ use of undeclared crate or module `abstract_boot`
[INFO] [stdout]   |
[INFO] [stdout] help: there is a crate or module with a similar name
[INFO] [stdout]   |
[INFO] [stdout] 9 | use abstract_core::{ApiDeployer, AppDeployer};
[INFO] [stdout]   |     ~~~~~~~~~~~~~
[INFO] [stdout] 
[INFO] [stdout] 
[INFO] [stdout] error[E0432]: unresolved import `abstract_boot`
[INFO] [stdout]  --> tests/upgrades.rs:4:5
[INFO] [stdout]   |
[INFO] [stdout] 4 | use abstract_boot::{Abstract, AbstractAccount, Manager, ManagerExecFns, VCExecFns};
[INFO] [stdout]   |     ^^^^^^^^^^^^^ use of undeclared crate or module `abstract_boot`
[INFO] [stdout]   |
[INFO] [stdout] help: there is a crate or module with a similar name
[INFO] [stdout]   |
[INFO] [stdout] 4 | use abstract_core::{Abstract, AbstractAccount, Manager, ManagerExecFns, VCExecFns};
[INFO] [stdout]   |     ~~~~~~~~~~~~~
[INFO] [stdout] 
[INFO] [stdout] 
[INFO] [stdout] error: cannot determine resolution for the macro `gen_api_mock`
[INFO] [stdout]   --> tests/common/mock_modules.rs:65:9
[INFO] [stdout]    |
[INFO] [stdout] 65 |         gen_api_mock!(BootMockApi1V1, MOCK_API_ID, "1.0.0", &[]);
[INFO] [stdout]    |         ^^^^^^^^^^^^
[INFO] [stdout]    |
[INFO] [stdout]    = note: import resolution is stuck, try simplifying macro imports
[INFO] [stdout] 
[INFO] [stdout] 
[INFO] [stdout] error: cannot determine resolution for the macro `gen_api_mock`
[INFO] [stdout]   --> tests/common/mock_modules.rs:70:9
[INFO] [stdout]    |
[INFO] [stdout] 70 |         gen_api_mock!(BootMockApi1V2, MOCK_API_ID, "2.0.0", &[]);
[INFO] [stdout]    |         ^^^^^^^^^^^^
[INFO] [stdout]    |
[INFO] [stdout]    = note: import resolution is stuck, try simplifying macro imports
[INFO] [stdout] 
[INFO] [stdout] 
[INFO] [stdout] error: cannot determine resolution for the macro `gen_api_mock`
[INFO] [stdout]   --> tests/common/mock_modules.rs:84:9
[INFO] [stdout]    |
[INFO] [stdout] 84 |         gen_api_mock!(BootMockApi2V1, MOCK_API_ID, "1.0.0", &[]);
[INFO] [stdout]    |         ^^^^^^^^^^^^
[INFO] [stdout]    |
[INFO] [stdout]    = note: import resolution is stuck, try simplifying macro imports
[INFO] [stdout] 
[INFO] [stdout] 
[INFO] [stdout] error: cannot determine resolution for the macro `gen_api_mock`
[INFO] [stdout]   --> tests/common/mock_modules.rs:89:9
[INFO] [stdout]    |
[INFO] [stdout] 89 |         gen_api_mock!(BootMockApi2V2, MOCK_API_ID, "2.0.0", &[]);
[INFO] [stdout]    |         ^^^^^^^^^^^^
[INFO] [stdout]    |
[INFO] [stdout]    = note: import resolution is stuck, try simplifying macro imports
[INFO] [stdout] 
[INFO] [stdout] 
[INFO] [stdout] error: cannot determine resolution for the macro `gen_api_mock`
[INFO] [stdout]   --> tests/common/mock_modules.rs:94:9
[INFO] [stdout]    |
[INFO] [stdout] 94 |         gen_api_mock!(BootMockApi2V0_1_0, MOCK_API_ID, "0.1.0", &[]);
[INFO] [stdout]    |         ^^^^^^^^^^^^
[INFO] [stdout]    |
[INFO] [stdout]    = note: import resolution is stuck, try simplifying macro imports
[INFO] [stdout] 
[INFO] [stdout] 
[INFO] [stdout] error: cannot determine resolution for the macro `gen_app_mock`
[INFO] [stdout]    --> tests/common/mock_modules.rs:106:9
[INFO] [stdout]     |
[INFO] [stdout] 106 |         gen_app_mock!(
[INFO] [stdout]     |         ^^^^^^^^^^^^
[INFO] [stdout]     |
[INFO] [stdout]     = note: import resolution is stuck, try simplifying macro imports
[INFO] [stdout] 
[INFO] [stdout] 
[INFO] [stdout] error: cannot determine resolution for the macro `gen_app_mock`
[INFO] [stdout]    --> tests/common/mock_modules.rs:119:9
[INFO] [stdout]     |
[INFO] [stdout] 119 |         gen_app_mock!(
[INFO] [stdout]     |         ^^^^^^^^^^^^
[INFO] [stdout]     |
[INFO] [stdout]     = note: import resolution is stuck, try simplifying macro imports
[INFO] [stdout] 
[INFO] [stdout] 
[INFO] [stdout] error[E0433]: failed to resolve: could not find `BootMockApi1V1` in `self`
[INFO] [stdout]   --> tests/common/mock_modules.rs:25:11
[INFO] [stdout]    |
[INFO] [stdout] 25 |     self::BootMockApi1V1::new(mock.clone())
[INFO] [stdout]    |           ^^^^^^^^^^^^^^ could not find `BootMockApi1V1` in `self`
[INFO] [stdout] 
[INFO] [stdout] 
[INFO] [stdout] error[E0433]: failed to resolve: could not find `BootMockApi1V2` in `self`
[INFO] [stdout]   --> tests/common/mock_modules.rs:30:11
[INFO] [stdout]    |
[INFO] [stdout] 30 |     self::BootMockApi1V2::new(mock.clone())
[INFO] [stdout]    |           ^^^^^^^^^^^^^^ could not find `BootMockApi1V2` in `self`
[INFO] [stdout] 
[INFO] [stdout] 
[INFO] [stdout] error[E0433]: failed to resolve: could not find `BootMockApi2V1` in `self`
[INFO] [stdout]   --> tests/common/mock_modules.rs:35:11
[INFO] [stdout]    |
[INFO] [stdout] 35 |     self::BootMockApi2V1::new(mock.clone())
[INFO] [stdout]    |           ^^^^^^^^^^^^^^ could not find `BootMockApi2V1` in `self`
[INFO] [stdout] 
[INFO] [stdout] 
[INFO] [stdout] error[E0433]: failed to resolve: could not find `BootMockApi2V2` in `self`
[INFO] [stdout]   --> tests/common/mock_modules.rs:40:11
[INFO] [stdout]    |
[INFO] [stdout] 40 |     self::BootMockApi2V2::new(mock.clone())
[INFO] [stdout]    |           ^^^^^^^^^^^^^^ could not find `BootMockApi2V2` in `self`
[INFO] [stdout] 
[INFO] [stdout] 
[INFO] [stdout] warning: unused import: `Deploy`
[INFO] [stdout]  --> tests/proxy.rs:6:65
[INFO] [stdout]   |
[INFO] [stdout] 6 | use boot_core::{instantiate_default_mock_env, ContractInstance, Deploy};
[INFO] [stdout]   |                                                                 ^^^^^^
[INFO] [stdout]   |
[INFO] [stdout]   = note: `#[warn(unused_imports)]` on by default
[INFO] [stdout] 
[INFO] [stdout] 
[INFO] [stdout] error[E0433]: failed to resolve: could not find `BootMockApp1V1` in `self`
[INFO] [stdout]   --> tests/common/mock_modules.rs:45:11
[INFO] [stdout]    |
[INFO] [stdout] 45 |     self::BootMockApp1V1::new(mock.clone())
[INFO] [stdout]    |           ^^^^^^^^^^^^^^ could not find `BootMockApp1V1` in `self`
[INFO] [stdout] 
[INFO] [stdout] 
[INFO] [stdout] error[E0433]: failed to resolve: could not find `BootMockApp1V2` in `self`
[INFO] [stdout]   --> tests/common/mock_modules.rs:50:11
[INFO] [stdout]    |
[INFO] [stdout] 50 |     self::BootMockApp1V2::new(mock.clone())
[INFO] [stdout]    |           ^^^^^^^^^^^^^^ could not find `BootMockApp1V2` in `self`
[INFO] [stdout] 
[INFO] [stdout] 
[INFO] [stdout] error[E0433]: failed to resolve: could not find `BootMockApi1V2` in `api_1`
[INFO] [stdout]    --> tests/upgrades.rs:330:22
[INFO] [stdout]     |
[INFO] [stdout] 330 |     let api = api_1::BootMockApi1V2::new(chain);
[INFO] [stdout]     |                      ^^^^^^^^^^^^^^ could not find `BootMockApi1V2` in `api_1`
[INFO] [stdout] 
[INFO] [stdout] 
[INFO] [stdout] error[E0433]: failed to resolve: use of undeclared type `Abstract`
[INFO] [stdout]   --> tests/apps.rs:14:22
[INFO] [stdout]    |
[INFO] [stdout] 14 |     let deployment = Abstract::deploy_on(chain.clone(), TEST_VERSION.parse().unwrap())?;
[INFO] [stdout]    |                      ^^^^^^^^ use of undeclared type `Abstract`
[INFO] [stdout]    |
[INFO] [stdout] help: there is an enum variant `abstract_manager::error::ManagerError::Abstract` and 1 other; try using the variant's enum
[INFO] [stdout]    |
[INFO] [stdout] 14 |     let deployment = abstract_manager::error::ManagerError(chain.clone(), TEST_VERSION.parse().unwrap())?;
[INFO] [stdout]    |                      ~~~~~~~~~~~~~~~~~~~~~~~~~~~~~~~~~~~~~
[INFO] [stdout] 14 |     let deployment = abstract_sdk::AbstractSdkError(chain.clone(), TEST_VERSION.parse().unwrap())?;
[INFO] [stdout]    |                      ~~~~~~~~~~~~~~~~~~~~~~~~~~~~~~
[INFO] [stdout] 
[INFO] [stdout] 
[INFO] [stdout] error[E0433]: failed to resolve: use of undeclared crate or module `abstract_api`
[INFO] [stdout]  --> tests/common/mod.rs:8:5
[INFO] [stdout]   |
[INFO] [stdout] 8 | use abstract_api::mock::{BootMockApi, MockInitMsg};
[INFO] [stdout]   |     ^^^^^^^^^^^^ use of undeclared crate or module `abstract_api`
[INFO] [stdout]   |
[INFO] [stdout] help: there is a crate or module with a similar name
[INFO] [stdout]   |
[INFO] [stdout] 8 | use abstract_sdk::mock::{BootMockApi, MockInitMsg};
[INFO] [stdout]   |     ~~~~~~~~~~~~
[INFO] [stdout] 
[INFO] [stdout] 
[INFO] [stdout] error[E0432]: unresolved import `abstract_core::api::BaseQueryMsgFns`
[INFO] [stdout]  --> tests/apis.rs:7:21
[INFO] [stdout]   |
[INFO] [stdout] 7 | use abstract_core::{api::BaseQueryMsgFns, *};
[INFO] [stdout]   |                     ^^^^^---------------
[INFO] [stdout]   |                     |    |
[INFO] [stdout]   |                     |    help: a similar name exists in the module: `BaseQueryMsg`
[INFO] [stdout]   |                     no `BaseQueryMsgFns` in `api`
[INFO] [stdout] 
[INFO] [stdout] 
[INFO] [stdout] warning: unused import: `Deploy`
[INFO] [stdout]   --> tests/upgrades.rs:14:71
[INFO] [stdout]    |
[INFO] [stdout] 14 | use boot_core::{instantiate_default_mock_env, Addr, ContractInstance, Deploy, Empty, Mock};
[INFO] [stdout]    |                                                                       ^^^^^^
[INFO] [stdout]    |
[INFO] [stdout]    = note: `#[warn(unused_imports)]` on by default
[INFO] [stdout] 
[INFO] [stdout] 
[INFO] [stdout] error[E0432]: unresolved import `abstract_boot`
[INFO] [stdout]  --> tests/common/mod.rs:9:5
[INFO] [stdout]   |
[INFO] [stdout] 9 | use abstract_boot::{
[INFO] [stdout]   |     ^^^^^^^^^^^^^ use of undeclared crate or module `abstract_boot`
[INFO] [stdout]   |
[INFO] [stdout] help: there is a crate or module with a similar name
[INFO] [stdout]   |
[INFO] [stdout] 9 | use abstract_core::{
[INFO] [stdout]   |     ~~~~~~~~~~~~~
[INFO] [stdout] 
[INFO] [stdout] 
[INFO] [stdout] error[E0432]: unresolved import `abstract_boot`
[INFO] [stdout]   --> tests/common/mod.rs:12:5
[INFO] [stdout]    |
[INFO] [stdout] 12 | use abstract_boot::{AbstractAccount, ApiDeployer};
[INFO] [stdout]    |     ^^^^^^^^^^^^^ use of undeclared crate or module `abstract_boot`
[INFO] [stdout]    |
[INFO] [stdout] help: there is a crate or module with a similar name
[INFO] [stdout]    |
[INFO] [stdout] 12 | use abstract_core::{AbstractAccount, ApiDeployer};
[INFO] [stdout]    |     ~~~~~~~~~~~~~
[INFO] [stdout] 
[INFO] [stdout] 
[INFO] [stdout] error[E0432]: unresolved import `abstract_boot`
[INFO] [stdout]  --> tests/apis.rs:4:5
[INFO] [stdout]   |
[INFO] [stdout] 4 | use abstract_boot::*;
[INFO] [stdout]   |     ^^^^^^^^^^^^^ use of undeclared crate or module `abstract_boot`
[INFO] [stdout]   |
[INFO] [stdout] help: there is a crate or module with a similar name
[INFO] [stdout]   |
[INFO] [stdout] 4 | use abstract_core::*;
[INFO] [stdout]   |     ~~~~~~~~~~~~~
[INFO] [stdout] 
[INFO] [stdout] 
[INFO] [stdout] error[E0433]: failed to resolve: use of undeclared crate or module `abstract_api`
[INFO] [stdout]  --> tests/common/mock_modules.rs:4:5
[INFO] [stdout]   |
[INFO] [stdout] 4 | use abstract_api::mock::MockInitMsg;
[INFO] [stdout]   |     ^^^^^^^^^^^^ use of undeclared crate or module `abstract_api`
[INFO] [stdout]   |
[INFO] [stdout] help: there is a crate or module with a similar name
[INFO] [stdout]   |
[INFO] [stdout] 4 | use abstract_sdk::mock::MockInitMsg;
[INFO] [stdout]   |     ~~~~~~~~~~~~
[INFO] [stdout] 
[INFO] [stdout] 
[INFO] [stdout] error[E0433]: failed to resolve: use of undeclared crate or module `abstract_api`
[INFO] [stdout]  --> tests/common/mock_modules.rs:5:5
[INFO] [stdout]   |
[INFO] [stdout] 5 | use abstract_api::{mock::MockError as ApiMockError, ApiContract};
[INFO] [stdout]   |     ^^^^^^^^^^^^ use of undeclared crate or module `abstract_api`
[INFO] [stdout]   |
[INFO] [stdout] help: there is a crate or module with a similar name
[INFO] [stdout]   |
[INFO] [stdout] 5 | use abstract_sdk::{mock::MockError as ApiMockError, ApiContract};
[INFO] [stdout]   |     ~~~~~~~~~~~~
[INFO] [stdout] 
[INFO] [stdout] 
[INFO] [stdout] error[E0432]: unresolved import `abstract_api`
[INFO] [stdout]  --> tests/common/mock_modules.rs:3:5
[INFO] [stdout]   |
[INFO] [stdout] 3 | use abstract_api::gen_api_mock;
[INFO] [stdout]   |     ^^^^^^^^^^^^ use of undeclared crate or module `abstract_api`
[INFO] [stdout]   |
[INFO] [stdout] help: there is a crate or module with a similar name
[INFO] [stdout]   |
[INFO] [stdout] 3 | use abstract_sdk::gen_api_mock;
[INFO] [stdout]   |     ~~~~~~~~~~~~
[INFO] [stdout] 
[INFO] [stdout] 
[INFO] [stdout] error[E0432]: unresolved import `abstract_api`
[INFO] [stdout]  --> tests/common/mock_modules.rs:5:5
[INFO] [stdout]   |
[INFO] [stdout] 5 | use abstract_api::{mock::MockError as ApiMockError, ApiContract};
[INFO] [stdout]   |     ^^^^^^^^^^^^ use of undeclared crate or module `abstract_api`
[INFO] [stdout]   |
[INFO] [stdout] help: there is a crate or module with a similar name
[INFO] [stdout]   |
[INFO] [stdout] 5 | use abstract_sdk::{mock::MockError as ApiMockError, ApiContract};
[INFO] [stdout]   |     ~~~~~~~~~~~~
[INFO] [stdout] 
[INFO] [stdout] 
[INFO] [stdout] error[E0433]: failed to resolve: use of undeclared crate or module `abstract_app`
[INFO] [stdout]  --> tests/common/mock_modules.rs:7:5
[INFO] [stdout]   |
[INFO] [stdout] 7 | use abstract_app::mock::MockError as AppMockError;
[INFO] [stdout]   |     ^^^^^^^^^^^^ use of undeclared crate or module `abstract_app`
[INFO] [stdout]   |
[INFO] [stdout] help: there is a crate or module with a similar name
[INFO] [stdout]   |
[INFO] [stdout] 7 | use abstract_sdk::mock::MockError as AppMockError;
[INFO] [stdout]   |     ~~~~~~~~~~~~
[INFO] [stdout] 
[INFO] [stdout] 
[INFO] [stdout] error[E0432]: unresolved import `abstract_app`
[INFO] [stdout]  --> tests/common/mock_modules.rs:6:5
[INFO] [stdout]   |
[INFO] [stdout] 6 | use abstract_app::gen_app_mock;
[INFO] [stdout]   |     ^^^^^^^^^^^^ use of undeclared crate or module `abstract_app`
[INFO] [stdout]   |
[INFO] [stdout] help: there is a crate or module with a similar name
[INFO] [stdout]   |
[INFO] [stdout] 6 | use abstract_sdk::gen_app_mock;
[INFO] [stdout]   |     ~~~~~~~~~~~~
[INFO] [stdout] 
[INFO] [stdout] 
[INFO] [stdout] error[E0432]: unresolved import `abstract_app`
[INFO] [stdout]  --> tests/common/mock_modules.rs:8:5
[INFO] [stdout]   |
[INFO] [stdout] 8 | use abstract_app::AppContract;
[INFO] [stdout]   |     ^^^^^^^^^^^^ use of undeclared crate or module `abstract_app`
[INFO] [stdout]   |
[INFO] [stdout] help: there is a crate or module with a similar name
[INFO] [stdout]   |
[INFO] [stdout] 8 | use abstract_sdk::AppContract;
[INFO] [stdout]   |     ~~~~~~~~~~~~
[INFO] [stdout] 
[INFO] [stdout] 
[INFO] [stdout] error[E0433]: failed to resolve: use of undeclared crate or module `abstract_api`
[INFO] [stdout]  --> tests/apis.rs:3:5
[INFO] [stdout]   |
[INFO] [stdout] 3 | use abstract_api::mock::MockExecMsg;
[INFO] [stdout]   |     ^^^^^^^^^^^^ use of undeclared crate or module `abstract_api`
[INFO] [stdout]   |
[INFO] [stdout] help: there is a crate or module with a similar name
[INFO] [stdout]   |
[INFO] [stdout] 3 | use abstract_sdk::mock::MockExecMsg;
[INFO] [stdout]   |     ~~~~~~~~~~~~
[INFO] [stdout] 
[INFO] [stdout] 
[INFO] [stdout] error[E0432]: unresolved imports `abstract_boot`, `abstract_api::mock::MockExecMsg`
[INFO] [stdout]  --> tests/apis.rs:3:5
[INFO] [stdout]   |
[INFO] [stdout] 3 | use abstract_api::mock::MockExecMsg;
[INFO] [stdout]   |     ^^^^^^^^^^^^^^^^^^^^^^^^^^^^^^^
[INFO] [stdout]   |
[INFO] [stdout]  ::: tests/common/mock_modules.rs:9:5
[INFO] [stdout]   |
[INFO] [stdout] 9 | use abstract_boot::{ApiDeployer, AppDeployer};
[INFO] [stdout]   |     ^^^^^^^^^^^^^ use of undeclared crate or module `abstract_boot`
[INFO] [stdout]   |
[INFO] [stdout] help: there is a crate or module with a similar name
[INFO] [stdout]  --> tests/common/mock_modules.rs:9:5
[INFO] [stdout]   |
[INFO] [stdout] 9 | use abstract_core::{ApiDeployer, AppDeployer};
[INFO] [stdout]   |     ~~~~~~~~~~~~~
[INFO] [stdout] 
[INFO] [stdout] 
[INFO] [stdout] error: cannot determine resolution for the macro `gen_api_mock`
[INFO] [stdout]   --> tests/common/mock_modules.rs:65:9
[INFO] [stdout]    |
[INFO] [stdout] 65 |         gen_api_mock!(BootMockApi1V1, MOCK_API_ID, "1.0.0", &[]);
[INFO] [stdout]    |         ^^^^^^^^^^^^
[INFO] [stdout]    |
[INFO] [stdout]    = note: import resolution is stuck, try simplifying macro imports
[INFO] [stdout] 
[INFO] [stdout] 
[INFO] [stdout] error: cannot determine resolution for the macro `gen_api_mock`
[INFO] [stdout]   --> tests/common/mock_modules.rs:70:9
[INFO] [stdout]    |
[INFO] [stdout] 70 |         gen_api_mock!(BootMockApi1V2, MOCK_API_ID, "2.0.0", &[]);
[INFO] [stdout]    |         ^^^^^^^^^^^^
[INFO] [stdout]    |
[INFO] [stdout]    = note: import resolution is stuck, try simplifying macro imports
[INFO] [stdout] 
[INFO] [stdout] 
[INFO] [stdout] error: cannot determine resolution for the macro `gen_api_mock`
[INFO] [stdout]   --> tests/common/mock_modules.rs:84:9
[INFO] [stdout]    |
[INFO] [stdout] 84 |         gen_api_mock!(BootMockApi2V1, MOCK_API_ID, "1.0.0", &[]);
[INFO] [stdout]    |         ^^^^^^^^^^^^
[INFO] [stdout]    |
[INFO] [stdout]    = note: import resolution is stuck, try simplifying macro imports
[INFO] [stdout] 
[INFO] [stdout] 
[INFO] [stdout] error: cannot determine resolution for the macro `gen_api_mock`
[INFO] [stdout]   --> tests/common/mock_modules.rs:89:9
[INFO] [stdout]    |
[INFO] [stdout] 89 |         gen_api_mock!(BootMockApi2V2, MOCK_API_ID, "2.0.0", &[]);
[INFO] [stdout]    |         ^^^^^^^^^^^^
[INFO] [stdout]    |
[INFO] [stdout]    = note: import resolution is stuck, try simplifying macro imports
[INFO] [stdout] 
[INFO] [stdout] 
[INFO] [stdout] error: cannot determine resolution for the macro `gen_api_mock`
[INFO] [stdout]   --> tests/common/mock_modules.rs:94:9
[INFO] [stdout]    |
[INFO] [stdout] 94 |         gen_api_mock!(BootMockApi2V0_1_0, MOCK_API_ID, "0.1.0", &[]);
[INFO] [stdout]    |         ^^^^^^^^^^^^
[INFO] [stdout]    |
[INFO] [stdout]    = note: import resolution is stuck, try simplifying macro imports
[INFO] [stdout] 
[INFO] [stdout] 
[INFO] [stdout] error: cannot determine resolution for the macro `gen_app_mock`
[INFO] [stdout]    --> tests/common/mock_modules.rs:106:9
[INFO] [stdout]     |
[INFO] [stdout] 106 |         gen_app_mock!(
[INFO] [stdout]     |         ^^^^^^^^^^^^
[INFO] [stdout]     |
[INFO] [stdout]     = note: import resolution is stuck, try simplifying macro imports
[INFO] [stdout] 
[INFO] [stdout] 
[INFO] [stdout] error: cannot determine resolution for the macro `gen_app_mock`
[INFO] [stdout]    --> tests/common/mock_modules.rs:119:9
[INFO] [stdout]     |
[INFO] [stdout] 119 |         gen_app_mock!(
[INFO] [stdout]     |         ^^^^^^^^^^^^
[INFO] [stdout]     |
[INFO] [stdout]     = note: import resolution is stuck, try simplifying macro imports
[INFO] [stdout] 
[INFO] [stdout] 
[INFO] [stdout] warning: unused import: `ContractInstance`
[INFO] [stdout]  --> tests/apps.rs:5:47
[INFO] [stdout]   |
[INFO] [stdout] 5 | use boot_core::{instantiate_default_mock_env, ContractInstance, Deploy};
[INFO] [stdout]   |                                               ^^^^^^^^^^^^^^^^
[INFO] [stdout] 
[INFO] [stdout] 
[INFO] [stderr] error: could not compile `abstract-manager` (test "apps") due to 27 previous errors; 2 warnings emitted
[INFO] [stdout] error: aborting due to 26 previous errors; 2 warnings emitted
[INFO] [stdout] 
[INFO] [stdout] 
[INFO] [stderr] warning: build failed, waiting for other jobs to finish...
[INFO] [stdout] Some errors have detailed explanations: E0432, E0433.
[INFO] [stdout] 
[INFO] [stdout] For more information about an error, try `rustc --explain E0432`.
[INFO] [stdout] 
[INFO] [stdout] error[E0433]: failed to resolve: could not find `BootMockApi1V1` in `self`
[INFO] [stdout]   --> tests/common/mock_modules.rs:25:11
[INFO] [stdout]    |
[INFO] [stdout] 25 |     self::BootMockApi1V1::new(mock.clone())
[INFO] [stdout]    |           ^^^^^^^^^^^^^^ could not find `BootMockApi1V1` in `self`
[INFO] [stdout] 
[INFO] [stdout] 
[INFO] [stdout] error[E0433]: failed to resolve: could not find `BootMockApi1V2` in `self`
[INFO] [stdout]   --> tests/common/mock_modules.rs:30:11
[INFO] [stdout]    |
[INFO] [stdout] 30 |     self::BootMockApi1V2::new(mock.clone())
[INFO] [stdout]    |           ^^^^^^^^^^^^^^ could not find `BootMockApi1V2` in `self`
[INFO] [stdout] 
[INFO] [stdout] 
[INFO] [stdout] error[E0433]: failed to resolve: could not find `BootMockApi2V1` in `self`
[INFO] [stdout]   --> tests/common/mock_modules.rs:35:11
[INFO] [stdout]    |
[INFO] [stdout] 35 |     self::BootMockApi2V1::new(mock.clone())
[INFO] [stdout]    |           ^^^^^^^^^^^^^^ could not find `BootMockApi2V1` in `self`
[INFO] [stdout] 
[INFO] [stdout] 
[INFO] [stdout] error[E0433]: failed to resolve: could not find `BootMockApi2V2` in `self`
[INFO] [stdout]   --> tests/common/mock_modules.rs:40:11
[INFO] [stdout]    |
[INFO] [stdout] 40 |     self::BootMockApi2V2::new(mock.clone())
[INFO] [stdout]    |           ^^^^^^^^^^^^^^ could not find `BootMockApi2V2` in `self`
[INFO] [stdout] 
[INFO] [stdout] 
[INFO] [stdout] error[E0433]: failed to resolve: could not find `BootMockApp1V1` in `self`
[INFO] [stdout]   --> tests/common/mock_modules.rs:45:11
[INFO] [stdout]    |
[INFO] [stdout] 45 |     self::BootMockApp1V1::new(mock.clone())
[INFO] [stdout]    |           ^^^^^^^^^^^^^^ could not find `BootMockApp1V1` in `self`
[INFO] [stdout] 
[INFO] [stdout] 
[INFO] [stdout] error[E0433]: failed to resolve: could not find `BootMockApp1V2` in `self`
[INFO] [stdout]   --> tests/common/mock_modules.rs:50:11
[INFO] [stdout]    |
[INFO] [stdout] 50 |     self::BootMockApp1V2::new(mock.clone())
[INFO] [stdout]    |           ^^^^^^^^^^^^^^ could not find `BootMockApp1V2` in `self`
[INFO] [stdout] 
[INFO] [stdout] 
[INFO] [stdout] error[E0433]: failed to resolve: use of undeclared type `Abstract`
[INFO] [stdout]   --> tests/proxy.rs:15:22
[INFO] [stdout]    |
[INFO] [stdout] 15 |     let deployment = Abstract::deploy_on(chain, TEST_VERSION.parse().unwrap())?;
[INFO] [stdout]    |                      ^^^^^^^^ use of undeclared type `Abstract`
[INFO] [stdout]    |
[INFO] [stdout] help: there is an enum variant `abstract_manager::error::ManagerError::Abstract` and 1 other; try using the variant's enum
[INFO] [stdout]    |
[INFO] [stdout] 15 |     let deployment = abstract_manager::error::ManagerError(chain, TEST_VERSION.parse().unwrap())?;
[INFO] [stdout]    |                      ~~~~~~~~~~~~~~~~~~~~~~~~~~~~~~~~~~~~~
[INFO] [stdout] 15 |     let deployment = abstract_sdk::AbstractSdkError(chain, TEST_VERSION.parse().unwrap())?;
[INFO] [stdout]    |                      ~~~~~~~~~~~~~~~~~~~~~~~~~~~~~~
[INFO] [stdout] 
[INFO] [stdout] 
[INFO] [stdout] error[E0034]: multiple applicable items in scope
[INFO] [stdout]   --> tests/proxy.rs:21:28
[INFO] [stdout]    |
[INFO] [stdout] 21 |     assert_that!(&modules).has_length(1);
[INFO] [stdout]    |                            ^^^^^^^^^^ multiple `has_length` found
[INFO] [stdout]    |
[INFO] [stdout]    = note: candidate #1 is defined in an impl of the trait `speculoos::hashmap::HashMapAssertions` for the type `Spec<'s, HashMap<K, V>>`
[INFO] [stdout]    = note: candidate #2 is defined in an impl of the trait `speculoos::hashset::HashSetAssertions` for the type `Spec<'s, HashSet<K>>`
[INFO] [stdout] note: candidate #3 is defined in the trait `speculoos::prelude::VecAssertions`
[INFO] [stdout]   --> /opt/rustwide/cargo-home/registry/src/index.crates.io-6f17d22bba15001f/speculoos-0.11.0/src/vec.rs:4:5
[INFO] [stdout]    |
[INFO] [stdout] 4  |     fn has_length(&mut self, expected: usize);
[INFO] [stdout]    |     ^^^^^^^^^^^^^^^^^^^^^^^^^^^^^^^^^^^^^^^^^^
[INFO] [stdout] help: disambiguate the method for candidate #1
[INFO] [stdout]    |
[INFO] [stdout] 21 ~     speculoos::hashmap::HashMapAssertions::has_length(&mut {
[INFO] [stdout] 22 +         let line = line!();
[INFO] [stdout] 23 +         let file = file!();
[INFO] [stdout] 24 +         assert_that(&$subject).at_location(format!("{}:{}", file, line))
[INFO] [stdout] 25 ~     }, 1);
[INFO] [stdout]    |
[INFO] [stdout] help: disambiguate the method for candidate #2
[INFO] [stdout]    |
[INFO] [stdout] 21 ~     speculoos::hashset::HashSetAssertions::has_length(&mut {
[INFO] [stdout] 22 +         let line = line!();
[INFO] [stdout] 23 +         let file = file!();
[INFO] [stdout] 24 +         assert_that(&$subject).at_location(format!("{}:{}", file, line))
[INFO] [stdout] 25 ~     }, 1);
[INFO] [stdout]    |
[INFO] [stdout] help: disambiguate the method for candidate #3
[INFO] [stdout]    |
[INFO] [stdout] 21 ~     speculoos::prelude::VecAssertions::has_length({
[INFO] [stdout] 22 +         let line = line!();
[INFO] [stdout] 23 +         let file = file!();
[INFO] [stdout] 24 +         assert_that(&$subject).at_location(format!("{}:{}", file, line))
[INFO] [stdout] 25 ~     }, 1);
[INFO] [stdout]    |
[INFO] [stdout] 
[INFO] [stdout] 
[INFO] [stdout] error[E0433]: failed to resolve: use of undeclared type `Abstract`
[INFO] [stdout]   --> tests/proxy.rs:46:22
[INFO] [stdout]    |
[INFO] [stdout] 46 |     let deployment = Abstract::deploy_on(chain.clone(), TEST_VERSION.parse().unwrap())?;
[INFO] [stdout]    |                      ^^^^^^^^ use of undeclared type `Abstract`
[INFO] [stdout]    |
[INFO] [stdout] help: there is an enum variant `abstract_manager::error::ManagerError::Abstract` and 1 other; try using the variant's enum
[INFO] [stdout]    |
[INFO] [stdout] 46 |     let deployment = abstract_manager::error::ManagerError(chain.clone(), TEST_VERSION.parse().unwrap())?;
[INFO] [stdout]    |                      ~~~~~~~~~~~~~~~~~~~~~~~~~~~~~~~~~~~~~
[INFO] [stdout] 46 |     let deployment = abstract_sdk::AbstractSdkError(chain.clone(), TEST_VERSION.parse().unwrap())?;
[INFO] [stdout]    |                      ~~~~~~~~~~~~~~~~~~~~~~~~~~~~~~
[INFO] [stdout] 
[INFO] [stdout] 
[INFO] [stdout] error[E0433]: failed to resolve: use of undeclared type `Abstract`
[INFO] [stdout]   --> tests/proxy.rs:89:22
[INFO] [stdout]    |
[INFO] [stdout] 89 |     let deployment = Abstract::deploy_on(chain, TEST_VERSION.parse().unwrap())?;
[INFO] [stdout]    |                      ^^^^^^^^ use of undeclared type `Abstract`
[INFO] [stdout]    |
[INFO] [stdout] help: there is an enum variant `abstract_manager::error::ManagerError::Abstract` and 1 other; try using the variant's enum
[INFO] [stdout]    |
[INFO] [stdout] 89 |     let deployment = abstract_manager::error::ManagerError(chain, TEST_VERSION.parse().unwrap())?;
[INFO] [stdout]    |                      ~~~~~~~~~~~~~~~~~~~~~~~~~~~~~~~~~~~~~
[INFO] [stdout] 89 |     let deployment = abstract_sdk::AbstractSdkError(chain, TEST_VERSION.parse().unwrap())?;
[INFO] [stdout]    |                      ~~~~~~~~~~~~~~~~~~~~~~~~~~~~~~
[INFO] [stdout] 
[INFO] [stdout] 
[INFO] [stdout] error[E0412]: cannot find type `Manager` in this scope
[INFO] [stdout]   --> tests/apis.rs:18:26
[INFO] [stdout]    |
[INFO] [stdout] 18 | fn install_api(manager: &Manager<Mock>, api: &str) -> AResult {
[INFO] [stdout]    |                          ^^^^^^^ not found in this scope
[INFO] [stdout] 
[INFO] [stdout] 
[INFO] [stdout] error[E0412]: cannot find type `Manager` in this scope
[INFO] [stdout]   --> tests/apis.rs:22:42
[INFO] [stdout]    |
[INFO] [stdout] 22 | pub(crate) fn uninstall_module(manager: &Manager<Mock>, api: &str) -> AResult {
[INFO] [stdout]    |                                          ^^^^^^^ not found in this scope
[INFO] [stdout] 
[INFO] [stdout] 
[INFO] [stdout] warning: unused import: `Deploy`
[INFO] [stdout]   --> tests/apis.rs:12:30
[INFO] [stdout]    |
[INFO] [stdout] 12 | use boot_core::{BootExecute, Deploy};
[INFO] [stdout]    |                              ^^^^^^
[INFO] [stdout]    |
[INFO] [stdout]    = note: `#[warn(unused_imports)]` on by default
[INFO] [stdout] 
[INFO] [stdout] 
[INFO] [stdout] error[E0609]: no field `version` on type `&_`
[INFO] [stdout]    --> tests/proxy.rs:105:21
[INFO] [stdout]     |
[INFO] [stdout] 105 |         .map(|m| &m.version)
[INFO] [stdout]     |                     ^^^^^^^
[INFO] [stdout] 
[INFO] [stdout] 
[INFO] [stdout] warning: unused import: `ContractInstance`
[INFO] [stdout]  --> tests/proxy.rs:6:47
[INFO] [stdout]   |
[INFO] [stdout] 6 | use boot_core::{instantiate_default_mock_env, ContractInstance, Deploy};
[INFO] [stdout]   |                                               ^^^^^^^^^^^^^^^^
[INFO] [stdout] 
[INFO] [stdout] 
[INFO] [stdout] error: aborting due to 30 previous errors; 2 warnings emitted
[INFO] [stdout] 
[INFO] [stdout] 
[INFO] [stdout] Some errors have detailed explanations: E0034, E0432, E0433, E0609.
[INFO] [stdout] 
[INFO] [stdout] For more information about an error, try `rustc --explain E0034`.
[INFO] [stdout] 
[INFO] [stdout] error[E0034]: multiple applicable items in scope
[INFO] [stdout]    --> tests/upgrades.rs:137:55
[INFO] [stdout]     |
[INFO] [stdout] 137 |     assert_that!(res.unwrap_err().root().to_string()).contains(
[INFO] [stdout]     |                                                       ^^^^^^^^ multiple `contains` found
[INFO] [stdout]     |
[INFO] [stdout]     = note: candidate #1 is defined in an impl of the trait `speculoos::iter::ContainingIntoIterAssertions` for the type `Spec<'s, I>`
[INFO] [stdout]     = note: candidate #2 is defined in an impl of the trait `speculoos::iter::ContainingIteratorAssertions` for the type `Spec<'s, I>`
[INFO] [stdout]     = note: candidate #3 is defined in an impl of the trait `speculoos::prelude::StrAssertions` for the type `Spec<'s, T>`
[INFO] [stdout] help: disambiguate the method for candidate #1
[INFO] [stdout]     |
[INFO] [stdout] 137 ~     speculoos::iter::ContainingIntoIterAssertions::contains(&mut {
[INFO] [stdout] 138 +         let line = line!();
[INFO] [stdout] 139 +         let file = file!();
[INFO] [stdout] 140 +         assert_that(&$subject).at_location(format!("{}:{}", file, line))
[INFO] [stdout] 141 +     }, ManagerError::VersionRequirementNotMet {
[INFO] [stdout] 142 +             module_id: api_1::MOCK_API_ID.into(),
[INFO] [stdout] 143 +             version: V1.into(),
[INFO] [stdout] 144 +             comp: "^2.0.0".into(),
[INFO] [stdout] 145 +             post_migration: true,
[INFO] [stdout] 146 +         }
[INFO] [stdout] 147 ~         .to_string());
[INFO] [stdout]     |
[INFO] [stdout] help: disambiguate the method for candidate #2
[INFO] [stdout]     |
[INFO] [stdout] 137 ~     speculoos::iter::ContainingIteratorAssertions::contains(&mut {
[INFO] [stdout] 138 +         let line = line!();
[INFO] [stdout] 139 +         let file = file!();
[INFO] [stdout] 140 +         assert_that(&$subject).at_location(format!("{}:{}", file, line))
[INFO] [stdout] 141 +     }, ManagerError::VersionRequirementNotMet {
[INFO] [stdout] 142 +             module_id: api_1::MOCK_API_ID.into(),
[INFO] [stdout] 143 +             version: V1.into(),
[INFO] [stdout] 144 +             comp: "^2.0.0".into(),
[INFO] [stdout] 145 +             post_migration: true,
[INFO] [stdout] 146 +         }
[INFO] [stdout] 147 ~         .to_string());
[INFO] [stdout]     |
[INFO] [stdout] help: disambiguate the method for candidate #3
[INFO] [stdout]     |
[INFO] [stdout] 137 ~     speculoos::prelude::StrAssertions::contains(&mut {
[INFO] [stdout] 138 +         let line = line!();
[INFO] [stdout] 139 +         let file = file!();
[INFO] [stdout] 140 +         assert_that(&$subject).at_location(format!("{}:{}", file, line))
[INFO] [stdout] 141 +     }, ManagerError::VersionRequirementNotMet {
[INFO] [stdout] 142 +             module_id: api_1::MOCK_API_ID.into(),
[INFO] [stdout] 143 +             version: V1.into(),
[INFO] [stdout] 144 +             comp: "^2.0.0".into(),
[INFO] [stdout] 145 +             post_migration: true,
[INFO] [stdout] 146 +         }
[INFO] [stdout] 147 ~         .to_string());
[INFO] [stdout]     |
[INFO] [stdout] 
[INFO] [stdout] 
[INFO] [stderr] error: could not compile `abstract-manager` (test "proxy") due to 31 previous errors; 2 warnings emitted
[INFO] [stdout] error[E0034]: multiple applicable items in scope
[INFO] [stdout]    --> tests/upgrades.rs:156:55
[INFO] [stdout]     |
[INFO] [stdout] 156 |     assert_that!(res.unwrap_err().root().to_string()).contains(
[INFO] [stdout]     |                                                       ^^^^^^^^ multiple `contains` found
[INFO] [stdout]     |
[INFO] [stdout]     = note: candidate #1 is defined in an impl of the trait `speculoos::iter::ContainingIntoIterAssertions` for the type `Spec<'s, I>`
[INFO] [stdout]     = note: candidate #2 is defined in an impl of the trait `speculoos::iter::ContainingIteratorAssertions` for the type `Spec<'s, I>`
[INFO] [stdout]     = note: candidate #3 is defined in an impl of the trait `speculoos::prelude::StrAssertions` for the type `Spec<'s, T>`
[INFO] [stdout] help: disambiguate the method for candidate #1
[INFO] [stdout]     |
[INFO] [stdout] 156 ~     speculoos::iter::ContainingIntoIterAssertions::contains(&mut {
[INFO] [stdout] 157 +         let line = line!();
[INFO] [stdout] 158 +         let file = file!();
[INFO] [stdout] 159 +         assert_that(&$subject).at_location(format!("{}:{}", file, line))
[INFO] [stdout] 160 +     }, ManagerError::VersionRequirementNotMet {
[INFO] [stdout] 161 +             module_id: api_1::MOCK_API_ID.into(),
[INFO] [stdout] 162 +             version: V2.into(),
[INFO] [stdout] 163 +             comp: "^1.0.0".into(),
[INFO] [stdout] 164 +             post_migration: false,
[INFO] [stdout] 165 +         }
[INFO] [stdout] 166 ~         .to_string());
[INFO] [stdout]     |
[INFO] [stdout] help: disambiguate the method for candidate #2
[INFO] [stdout]     |
[INFO] [stdout] 156 ~     speculoos::iter::ContainingIteratorAssertions::contains(&mut {
[INFO] [stdout] 157 +         let line = line!();
[INFO] [stdout] 158 +         let file = file!();
[INFO] [stdout] 159 +         assert_that(&$subject).at_location(format!("{}:{}", file, line))
[INFO] [stdout] 160 +     }, ManagerError::VersionRequirementNotMet {
[INFO] [stdout] 161 +             module_id: api_1::MOCK_API_ID.into(),
[INFO] [stdout] 162 +             version: V2.into(),
[INFO] [stdout] 163 +             comp: "^1.0.0".into(),
[INFO] [stdout] 164 +             post_migration: false,
[INFO] [stdout] 165 +         }
[INFO] [stdout] 166 ~         .to_string());
[INFO] [stdout]     |
[INFO] [stdout] help: disambiguate the method for candidate #3
[INFO] [stdout]     |
[INFO] [stdout] 156 ~     speculoos::prelude::StrAssertions::contains(&mut {
[INFO] [stdout] 157 +         let line = line!();
[INFO] [stdout] 158 +         let file = file!();
[INFO] [stdout] 159 +         assert_that(&$subject).at_location(format!("{}:{}", file, line))
[INFO] [stdout] 160 +     }, ManagerError::VersionRequirementNotMet {
[INFO] [stdout] 161 +             module_id: api_1::MOCK_API_ID.into(),
[INFO] [stdout] 162 +             version: V2.into(),
[INFO] [stdout] 163 +             comp: "^1.0.0".into(),
[INFO] [stdout] 164 +             post_migration: false,
[INFO] [stdout] 165 +         }
[INFO] [stdout] 166 ~         .to_string());
[INFO] [stdout]     |
[INFO] [stdout] 
[INFO] [stdout] 
[INFO] [stdout] error[E0034]: multiple applicable items in scope
[INFO] [stdout]    --> tests/upgrades.rs:183:55
[INFO] [stdout]     |
[INFO] [stdout] 183 |     assert_that!(res.unwrap_err().root().to_string()).contains(
[INFO] [stdout]     |                                                       ^^^^^^^^ multiple `contains` found
[INFO] [stdout]     |
[INFO] [stdout]     = note: candidate #1 is defined in an impl of the trait `speculoos::iter::ContainingIntoIterAssertions` for the type `Spec<'s, I>`
[INFO] [stdout]     = note: candidate #2 is defined in an impl of the trait `speculoos::iter::ContainingIteratorAssertions` for the type `Spec<'s, I>`
[INFO] [stdout]     = note: candidate #3 is defined in an impl of the trait `speculoos::prelude::StrAssertions` for the type `Spec<'s, T>`
[INFO] [stdout] help: disambiguate the method for candidate #1
[INFO] [stdout]     |
[INFO] [stdout] 183 ~     speculoos::iter::ContainingIntoIterAssertions::contains(&mut {
[INFO] [stdout] 184 +         let line = line!();
[INFO] [stdout] 185 +         let file = file!();
[INFO] [stdout] 186 +         assert_that(&$subject).at_location(format!("{}:{}", file, line))
[INFO] [stdout] 187 +     }, ManagerError::VersionRequirementNotMet {
[INFO] [stdout] 188 +             module_id: api_1::MOCK_API_ID.into(),
[INFO] [stdout] 189 +             version: V2.into(),
[INFO] [stdout] 190 +             comp: "^1.0.0".into(),
[INFO] [stdout] 191 +             post_migration: true,
[INFO] [stdout] 192 +         }
[INFO] [stdout] 193 ~         .to_string());
[INFO] [stdout]     |
[INFO] [stdout] help: disambiguate the method for candidate #2
[INFO] [stdout]     |
[INFO] [stdout] 183 ~     speculoos::iter::ContainingIteratorAssertions::contains(&mut {
[INFO] [stdout] 184 +         let line = line!();
[INFO] [stdout] 185 +         let file = file!();
[INFO] [stdout] 186 +         assert_that(&$subject).at_location(format!("{}:{}", file, line))
[INFO] [stdout] 187 +     }, ManagerError::VersionRequirementNotMet {
[INFO] [stdout] 188 +             module_id: api_1::MOCK_API_ID.into(),
[INFO] [stdout] 189 +             version: V2.into(),
[INFO] [stdout] 190 +             comp: "^1.0.0".into(),
[INFO] [stdout] 191 +             post_migration: true,
[INFO] [stdout] 192 +         }
[INFO] [stdout] 193 ~         .to_string());
[INFO] [stdout]     |
[INFO] [stdout] help: disambiguate the method for candidate #3
[INFO] [stdout]     |
[INFO] [stdout] 183 ~     speculoos::prelude::StrAssertions::contains(&mut {
[INFO] [stdout] 184 +         let line = line!();
[INFO] [stdout] 185 +         let file = file!();
[INFO] [stdout] 186 +         assert_that(&$subject).at_location(format!("{}:{}", file, line))
[INFO] [stdout] 187 +     }, ManagerError::VersionRequirementNotMet {
[INFO] [stdout] 188 +             module_id: api_1::MOCK_API_ID.into(),
[INFO] [stdout] 189 +             version: V2.into(),
[INFO] [stdout] 190 +             comp: "^1.0.0".into(),
[INFO] [stdout] 191 +             post_migration: true,
[INFO] [stdout] 192 +         }
[INFO] [stdout] 193 ~         .to_string());
[INFO] [stdout]     |
[INFO] [stdout] 
[INFO] [stdout] 
[INFO] [stdout] error[E0034]: multiple applicable items in scope
[INFO] [stdout]    --> tests/upgrades.rs:203:55
[INFO] [stdout]     |
[INFO] [stdout] 203 |     assert_that!(res.unwrap_err().root().to_string()).contains(
[INFO] [stdout]     |                                                       ^^^^^^^^ multiple `contains` found
[INFO] [stdout]     |
[INFO] [stdout]     = note: candidate #1 is defined in an impl of the trait `speculoos::iter::ContainingIntoIterAssertions` for the type `Spec<'s, I>`
[INFO] [stdout]     = note: candidate #2 is defined in an impl of the trait `speculoos::iter::ContainingIteratorAssertions` for the type `Spec<'s, I>`
[INFO] [stdout]     = note: candidate #3 is defined in an impl of the trait `speculoos::prelude::StrAssertions` for the type `Spec<'s, T>`
[INFO] [stdout] help: disambiguate the method for candidate #1
[INFO] [stdout]     |
[INFO] [stdout] 203 ~     speculoos::iter::ContainingIntoIterAssertions::contains(&mut {
[INFO] [stdout] 204 +         let line = line!();
[INFO] [stdout] 205 +         let file = file!();
[INFO] [stdout] 206 +         assert_that(&$subject).at_location(format!("{}:{}", file, line))
[INFO] [stdout] 207 +     }, ManagerError::VersionRequirementNotMet {
[INFO] [stdout] 208 +             module_id: api_1::MOCK_API_ID.into(),
[INFO] [stdout] 209 +             version: V1.into(),
[INFO] [stdout] 210 +             comp: "^2.0.0".into(),
[INFO] [stdout] 211 +             post_migration: true,
[INFO] [stdout] 212 +         }
[INFO] [stdout] 213 ~         .to_string());
[INFO] [stdout]     |
[INFO] [stdout] help: disambiguate the method for candidate #2
[INFO] [stdout]     |
[INFO] [stdout] 203 ~     speculoos::iter::ContainingIteratorAssertions::contains(&mut {
[INFO] [stdout] 204 +         let line = line!();
[INFO] [stdout] 205 +         let file = file!();
[INFO] [stdout] 206 +         assert_that(&$subject).at_location(format!("{}:{}", file, line))
[INFO] [stdout] 207 +     }, ManagerError::VersionRequirementNotMet {
[INFO] [stdout] 208 +             module_id: api_1::MOCK_API_ID.into(),
[INFO] [stdout] 209 +             version: V1.into(),
[INFO] [stdout] 210 +             comp: "^2.0.0".into(),
[INFO] [stdout] 211 +             post_migration: true,
[INFO] [stdout] 212 +         }
[INFO] [stdout] 213 ~         .to_string());
[INFO] [stdout]     |
[INFO] [stdout] help: disambiguate the method for candidate #3
[INFO] [stdout]     |
[INFO] [stdout] 203 ~     speculoos::prelude::StrAssertions::contains(&mut {
[INFO] [stdout] 204 +         let line = line!();
[INFO] [stdout] 205 +         let file = file!();
[INFO] [stdout] 206 +         assert_that(&$subject).at_location(format!("{}:{}", file, line))
[INFO] [stdout] 207 +     }, ManagerError::VersionRequirementNotMet {
[INFO] [stdout] 208 +             module_id: api_1::MOCK_API_ID.into(),
[INFO] [stdout] 209 +             version: V1.into(),
[INFO] [stdout] 210 +             comp: "^2.0.0".into(),
[INFO] [stdout] 211 +             post_migration: true,
[INFO] [stdout] 212 +         }
[INFO] [stdout] 213 ~         .to_string());
[INFO] [stdout]     |
[INFO] [stdout] 
[INFO] [stdout] 
[INFO] [stdout] error[E0034]: multiple applicable items in scope
[INFO] [stdout]    --> tests/upgrades.rs:233:55
[INFO] [stdout]     |
[INFO] [stdout] 233 |     assert_that!(res.unwrap_err().root().to_string()).contains(
[INFO] [stdout]     |                                                       ^^^^^^^^ multiple `contains` found
[INFO] [stdout]     |
[INFO] [stdout]     = note: candidate #1 is defined in an impl of the trait `speculoos::iter::ContainingIntoIterAssertions` for the type `Spec<'s, I>`
[INFO] [stdout]     = note: candidate #2 is defined in an impl of the trait `speculoos::iter::ContainingIteratorAssertions` for the type `Spec<'s, I>`
[INFO] [stdout]     = note: candidate #3 is defined in an impl of the trait `speculoos::prelude::StrAssertions` for the type `Spec<'s, T>`
[INFO] [stdout] help: disambiguate the method for candidate #1
[INFO] [stdout]     |
[INFO] [stdout] 233 ~     speculoos::iter::ContainingIntoIterAssertions::contains(&mut {
[INFO] [stdout] 234 +         let line = line!();
[INFO] [stdout] 235 +         let file = file!();
[INFO] [stdout] 236 +         assert_that(&$subject).at_location(format!("{}:{}", file, line))
[INFO] [stdout] 237 +     }, ManagerError::VersionRequirementNotMet {
[INFO] [stdout] 238 +             module_id: api_1::MOCK_API_ID.into(),
[INFO] [stdout] 239 +             version: V1.into(),
[INFO] [stdout] 240 +             comp: "^2.0.0".into(),
[INFO] [stdout] 241 +             post_migration: true,
[INFO] [stdout] 242 +         }
[INFO] [stdout] 243 ~         .to_string());
[INFO] [stdout]     |
[INFO] [stdout] help: disambiguate the method for candidate #2
[INFO] [stdout]     |
[INFO] [stdout] 233 ~     speculoos::iter::ContainingIteratorAssertions::contains(&mut {
[INFO] [stdout] 234 +         let line = line!();
[INFO] [stdout] 235 +         let file = file!();
[INFO] [stdout] 236 +         assert_that(&$subject).at_location(format!("{}:{}", file, line))
[INFO] [stdout] 237 +     }, ManagerError::VersionRequirementNotMet {
[INFO] [stdout] 238 +             module_id: api_1::MOCK_API_ID.into(),
[INFO] [stdout] 239 +             version: V1.into(),
[INFO] [stdout] 240 +             comp: "^2.0.0".into(),
[INFO] [stdout] 241 +             post_migration: true,
[INFO] [stdout] 242 +         }
[INFO] [stdout] 243 ~         .to_string());
[INFO] [stdout]     |
[INFO] [stdout] help: disambiguate the method for candidate #3
[INFO] [stdout]     |
[INFO] [stdout] 233 ~     speculoos::prelude::StrAssertions::contains(&mut {
[INFO] [stdout] 234 +         let line = line!();
[INFO] [stdout] 235 +         let file = file!();
[INFO] [stdout] 236 +         assert_that(&$subject).at_location(format!("{}:{}", file, line))
[INFO] [stdout] 237 +     }, ManagerError::VersionRequirementNotMet {
[INFO] [stdout] 238 +             module_id: api_1::MOCK_API_ID.into(),
[INFO] [stdout] 239 +             version: V1.into(),
[INFO] [stdout] 240 +             comp: "^2.0.0".into(),
[INFO] [stdout] 241 +             post_migration: true,
[INFO] [stdout] 242 +         }
[INFO] [stdout] 243 ~         .to_string());
[INFO] [stdout]     |
[INFO] [stdout] 
[INFO] [stdout] 
[INFO] [stdout] error[E0034]: multiple applicable items in scope
[INFO] [stdout]    --> tests/upgrades.rs:279:10
[INFO] [stdout]     |
[INFO] [stdout] 279 |         .contains(ManagerError::ModuleHasDependents(vec![app_1::MOCK_APP_ID.into()]).to_string());
[INFO] [stdout]     |          ^^^^^^^^ multiple `contains` found
[INFO] [stdout]     |
[INFO] [stdout]     = note: candidate #1 is defined in an impl of the trait `speculoos::iter::ContainingIntoIterAssertions` for the type `Spec<'s, I>`
[INFO] [stdout]     = note: candidate #2 is defined in an impl of the trait `speculoos::iter::ContainingIteratorAssertions` for the type `Spec<'s, I>`
[INFO] [stdout]     = note: candidate #3 is defined in an impl of the trait `speculoos::prelude::StrAssertions` for the type `Spec<'s, T>`
[INFO] [stdout] help: disambiguate the method for candidate #1
[INFO] [stdout]     |
[INFO] [stdout] 278 ~     speculoos::iter::ContainingIntoIterAssertions::contains(&mut {
[INFO] [stdout] 279 +         let line = line!();
[INFO] [stdout] 280 +         let file = file!();
[INFO] [stdout] 281 +         assert_that(&$subject).at_location(format!("{}:{}", file, line))
[INFO] [stdout] 282 ~     }, ManagerError::ModuleHasDependents(vec![app_1::MOCK_APP_ID.into()]).to_string());
[INFO] [stdout]     |
[INFO] [stdout] help: disambiguate the method for candidate #2
[INFO] [stdout]     |
[INFO] [stdout] 278 ~     speculoos::iter::ContainingIteratorAssertions::contains(&mut {
[INFO] [stdout] 279 +         let line = line!();
[INFO] [stdout] 280 +         let file = file!();
[INFO] [stdout] 281 +         assert_that(&$subject).at_location(format!("{}:{}", file, line))
[INFO] [stdout] 282 ~     }, ManagerError::ModuleHasDependents(vec![app_1::MOCK_APP_ID.into()]).to_string());
[INFO] [stdout]     |
[INFO] [stdout] help: disambiguate the method for candidate #3
[INFO] [stdout]     |
[INFO] [stdout] 278 ~     speculoos::prelude::StrAssertions::contains(&mut {
[INFO] [stdout] 279 +         let line = line!();
[INFO] [stdout] 280 +         let file = file!();
[INFO] [stdout] 281 +         assert_that(&$subject).at_location(format!("{}:{}", file, line))
[INFO] [stdout] 282 ~     }, ManagerError::ModuleHasDependents(vec![app_1::MOCK_APP_ID.into()]).to_string());
[INFO] [stdout]     |
[INFO] [stdout] 
[INFO] [stdout] 
[INFO] [stdout] error[E0034]: multiple applicable items in scope
[INFO] [stdout]    --> tests/upgrades.rs:283:10
[INFO] [stdout]     |
[INFO] [stdout] 283 |         .contains(ManagerError::ModuleHasDependents(vec![app_1::MOCK_APP_ID.into()]).to_string());
[INFO] [stdout]     |          ^^^^^^^^ multiple `contains` found
[INFO] [stdout]     |
[INFO] [stdout]     = note: candidate #1 is defined in an impl of the trait `speculoos::iter::ContainingIntoIterAssertions` for the type `Spec<'s, I>`
[INFO] [stdout]     = note: candidate #2 is defined in an impl of the trait `speculoos::iter::ContainingIteratorAssertions` for the type `Spec<'s, I>`
[INFO] [stdout]     = note: candidate #3 is defined in an impl of the trait `speculoos::prelude::StrAssertions` for the type `Spec<'s, T>`
[INFO] [stdout] help: disambiguate the method for candidate #1
[INFO] [stdout]     |
[INFO] [stdout] 282 ~     speculoos::iter::ContainingIntoIterAssertions::contains(&mut {
[INFO] [stdout] 283 +         let line = line!();
[INFO] [stdout] 284 +         let file = file!();
[INFO] [stdout] 285 +         assert_that(&$subject).at_location(format!("{}:{}", file, line))
[INFO] [stdout] 286 ~     }, ManagerError::ModuleHasDependents(vec![app_1::MOCK_APP_ID.into()]).to_string());
[INFO] [stdout]     |
[INFO] [stdout] help: disambiguate the method for candidate #2
[INFO] [stdout]     |
[INFO] [stdout] 282 ~     speculoos::iter::ContainingIteratorAssertions::contains(&mut {
[INFO] [stdout] 283 +         let line = line!();
[INFO] [stdout] 284 +         let file = file!();
[INFO] [stdout] 285 +         assert_that(&$subject).at_location(format!("{}:{}", file, line))
[INFO] [stdout] 286 ~     }, ManagerError::ModuleHasDependents(vec![app_1::MOCK_APP_ID.into()]).to_string());
[INFO] [stdout]     |
[INFO] [stdout] help: disambiguate the method for candidate #3
[INFO] [stdout]     |
[INFO] [stdout] 282 ~     speculoos::prelude::StrAssertions::contains(&mut {
[INFO] [stdout] 283 +         let line = line!();
[INFO] [stdout] 284 +         let file = file!();
[INFO] [stdout] 285 +         assert_that(&$subject).at_location(format!("{}:{}", file, line))
[INFO] [stdout] 286 ~     }, ManagerError::ModuleHasDependents(vec![app_1::MOCK_APP_ID.into()]).to_string());
[INFO] [stdout]     |
[INFO] [stdout] 
[INFO] [stdout] 
[INFO] [stdout] error[E0034]: multiple applicable items in scope
[INFO] [stdout]    --> tests/upgrades.rs:333:40
[INFO] [stdout]     |
[INFO] [stdout] 333 |     assert_that!(authorized.addresses).contains(Addr::unchecked("authorizee"));
[INFO] [stdout]     |                                        ^^^^^^^^ multiple `contains` found
[INFO] [stdout]     |
[INFO] [stdout]     = note: candidate #1 is defined in an impl of the trait `speculoos::iter::ContainingIntoIterAssertions` for the type `Spec<'s, I>`
[INFO] [stdout]     = note: candidate #2 is defined in an impl of the trait `speculoos::iter::ContainingIteratorAssertions` for the type `Spec<'s, I>`
[INFO] [stdout]     = note: candidate #3 is defined in an impl of the trait `speculoos::prelude::StrAssertions` for the type `Spec<'s, T>`
[INFO] [stdout] help: disambiguate the method for candidate #1
[INFO] [stdout]     |
[INFO] [stdout] 333 ~     speculoos::iter::ContainingIntoIterAssertions::contains(&mut {
[INFO] [stdout] 334 +         let line = line!();
[INFO] [stdout] 335 +         let file = file!();
[INFO] [stdout] 336 +         assert_that(&$subject).at_location(format!("{}:{}", file, line))
[INFO] [stdout] 337 ~     }, Addr::unchecked("authorizee"));
[INFO] [stdout]     |
[INFO] [stdout] help: disambiguate the method for candidate #2
[INFO] [stdout]     |
[INFO] [stdout] 333 ~     speculoos::iter::ContainingIteratorAssertions::contains(&mut {
[INFO] [stdout] 334 +         let line = line!();
[INFO] [stdout] 335 +         let file = file!();
[INFO] [stdout] 336 +         assert_that(&$subject).at_location(format!("{}:{}", file, line))
[INFO] [stdout] 337 ~     }, Addr::unchecked("authorizee"));
[INFO] [stdout]     |
[INFO] [stdout] help: disambiguate the method for candidate #3
[INFO] [stdout]     |
[INFO] [stdout] 333 ~     speculoos::prelude::StrAssertions::contains(&mut {
[INFO] [stdout] 334 +         let line = line!();
[INFO] [stdout] 335 +         let file = file!();
[INFO] [stdout] 336 +         assert_that(&$subject).at_location(format!("{}:{}", file, line))
[INFO] [stdout] 337 ~     }, Addr::unchecked("authorizee"));
[INFO] [stdout]     |
[INFO] [stdout] 
[INFO] [stdout] 
[INFO] [stdout] error[E0433]: failed to resolve: use of undeclared type `Abstract`
[INFO] [stdout]   --> tests/apis.rs:33:22
[INFO] [stdout]    |
[INFO] [stdout] 33 |     let deployment = Abstract::deploy_on(chain.clone(), TEST_VERSION.parse().unwrap())?;
[INFO] [stdout]    |                      ^^^^^^^^ use of undeclared type `Abstract`
[INFO] [stdout]    |
[INFO] [stdout] help: there is an enum variant `abstract_manager::error::ManagerError::Abstract` and 1 other; try using the variant's enum
[INFO] [stdout]    |
[INFO] [stdout] 33 |     let deployment = abstract_manager::error::ManagerError(chain.clone(), TEST_VERSION.parse().unwrap())?;
[INFO] [stdout]    |                      ~~~~~~~~~~~~~~~~~~~~~~~~~~~~~~~~~~~~~
[INFO] [stdout] 33 |     let deployment = abstract_sdk::AbstractSdkError(chain.clone(), TEST_VERSION.parse().unwrap())?;
[INFO] [stdout]    |                      ~~~~~~~~~~~~~~~~~~~~~~~~~~~~~~
[INFO] [stdout] 
[INFO] [stdout] 
[INFO] [stdout] error[E0034]: multiple applicable items in scope
[INFO] [stdout]    --> tests/upgrades.rs:338:40
[INFO] [stdout]     |
[INFO] [stdout] 338 |     assert_that!(authorized.addresses).is_empty();
[INFO] [stdout]     |                                        ^^^^^^^^ multiple `is_empty` found
[INFO] [stdout]     |
[INFO] [stdout]     = note: candidate #1 is defined in an impl of the trait `speculoos::hashmap::HashMapAssertions` for the type `Spec<'s, HashMap<K, V>>`
[INFO] [stdout]     = note: candidate #2 is defined in an impl of the trait `speculoos::hashset::HashSetAssertions` for the type `Spec<'s, HashSet<K>>`
[INFO] [stdout]     = note: candidate #3 is defined in an impl of the trait `speculoos::prelude::StrAssertions` for the type `Spec<'s, T>`
[INFO] [stdout] note: candidate #4 is defined in the trait `speculoos::prelude::VecAssertions`
[INFO] [stdout]    --> /opt/rustwide/cargo-home/registry/src/index.crates.io-6f17d22bba15001f/speculoos-0.11.0/src/vec.rs:5:5
[INFO] [stdout]     |
[INFO] [stdout] 5   |     fn is_empty(&mut self);
[INFO] [stdout]     |     ^^^^^^^^^^^^^^^^^^^^^^^
[INFO] [stdout] note: candidate #5 is defined in the trait `ExactSizeIterator`
[INFO] [stdout]    --> /rustc/9610dfe5a9a731ced1ea4923ecbd0c57fe367898/library/core/src/iter/traits/exact_size.rs:148:5
[INFO] [stdout] help: disambiguate the method for candidate #1
[INFO] [stdout]     |
[INFO] [stdout] 338 ~     speculoos::hashmap::HashMapAssertions::is_empty(&mut {
[INFO] [stdout] 339 +         let line = line!();
[INFO] [stdout] 340 +         let file = file!();
[INFO] [stdout] 341 +         assert_that(&$subject).at_location(format!("{}:{}", file, line))
[INFO] [stdout] 342 ~     });
[INFO] [stdout]     |
[INFO] [stdout] help: disambiguate the method for candidate #2
[INFO] [stdout]     |
[INFO] [stdout] 338 ~     speculoos::hashset::HashSetAssertions::is_empty(&mut {
[INFO] [stdout] 339 +         let line = line!();
[INFO] [stdout] 340 +         let file = file!();
[INFO] [stdout] 341 +         assert_that(&$subject).at_location(format!("{}:{}", file, line))
[INFO] [stdout] 342 ~     });
[INFO] [stdout]     |
[INFO] [stdout] help: disambiguate the method for candidate #3
[INFO] [stdout]     |
[INFO] [stdout] 338 ~     speculoos::prelude::StrAssertions::is_empty(&mut {
[INFO] [stdout] 339 +         let line = line!();
[INFO] [stdout] 340 +         let file = file!();
[INFO] [stdout] 341 +         assert_that(&$subject).at_location(format!("{}:{}", file, line))
[INFO] [stdout] 342 ~     });
[INFO] [stdout]     |
[INFO] [stdout] help: disambiguate the method for candidate #4
[INFO] [stdout]     |
[INFO] [stdout] 338 ~     speculoos::prelude::VecAssertions::is_empty({
[INFO] [stdout] 339 +         let line = line!();
[INFO] [stdout] 340 +         let file = file!();
[INFO] [stdout] 341 +         assert_that(&$subject).at_location(format!("{}:{}", file, line))
[INFO] [stdout] 342 ~     });
[INFO] [stdout]     |
[INFO] [stdout] help: disambiguate the method for candidate #5
[INFO] [stdout]     |
[INFO] [stdout] 338 ~     ExactSizeIterator::is_empty({
[INFO] [stdout] 339 +         let line = line!();
[INFO] [stdout] 340 +         let file = file!();
[INFO] [stdout] 341 +         assert_that(&$subject).at_location(format!("{}:{}", file, line))
[INFO] [stdout] 342 ~     });
[INFO] [stdout]     |
[INFO] [stdout] 
[INFO] [stdout] 
[INFO] [stdout] error[E0034]: multiple applicable items in scope
[INFO] [stdout]    --> tests/upgrades.rs:388:44
[INFO] [stdout]     |
[INFO] [stdout] 388 |     assert_that!(migrate_event.attributes).has_length(3);
[INFO] [stdout]     |                                            ^^^^^^^^^^ multiple `has_length` found
[INFO] [stdout]     |
[INFO] [stdout]     = note: candidate #1 is defined in an impl of the trait `speculoos::hashmap::HashMapAssertions` for the type `Spec<'s, HashMap<K, V>>`
[INFO] [stdout]     = note: candidate #2 is defined in an impl of the trait `speculoos::hashset::HashSetAssertions` for the type `Spec<'s, HashSet<K>>`
[INFO] [stdout] note: candidate #3 is defined in the trait `speculoos::prelude::VecAssertions`
[INFO] [stdout]    --> /opt/rustwide/cargo-home/registry/src/index.crates.io-6f17d22bba15001f/speculoos-0.11.0/src/vec.rs:4:5
[INFO] [stdout]     |
[INFO] [stdout] 4   |     fn has_length(&mut self, expected: usize);
[INFO] [stdout]     |     ^^^^^^^^^^^^^^^^^^^^^^^^^^^^^^^^^^^^^^^^^^
[INFO] [stdout] help: disambiguate the method for candidate #1
[INFO] [stdout]     |
[INFO] [stdout] 388 ~     speculoos::hashmap::HashMapAssertions::has_length(&mut {
[INFO] [stdout] 389 +         let line = line!();
[INFO] [stdout] 390 +         let file = file!();
[INFO] [stdout] 391 +         assert_that(&$subject).at_location(format!("{}:{}", file, line))
[INFO] [stdout] 392 ~     }, 3);
[INFO] [stdout]     |
[INFO] [stdout] help: disambiguate the method for candidate #2
[INFO] [stdout]     |
[INFO] [stdout] 388 ~     speculoos::hashset::HashSetAssertions::has_length(&mut {
[INFO] [stdout] 389 +         let line = line!();
[INFO] [stdout] 390 +         let file = file!();
[INFO] [stdout] 391 +         assert_that(&$subject).at_location(format!("{}:{}", file, line))
[INFO] [stdout] 392 ~     }, 3);
[INFO] [stdout]     |
[INFO] [stdout] help: disambiguate the method for candidate #3
[INFO] [stdout]     |
[INFO] [stdout] 388 ~     speculoos::prelude::VecAssertions::has_length({
[INFO] [stdout] 389 +         let line = line!();
[INFO] [stdout] 390 +         let file = file!();
[INFO] [stdout] 391 +         assert_that(&$subject).at_location(format!("{}:{}", file, line))
[INFO] [stdout] 392 ~     }, 3);
[INFO] [stdout]     |
[INFO] [stdout] 
[INFO] [stdout] 
[INFO] [stdout] error[E0433]: failed to resolve: use of undeclared type `Abstract`
[INFO] [stdout]   --> tests/apis.rs:68:22
[INFO] [stdout]    |
[INFO] [stdout] 68 |     let deployment = Abstract::deploy_on(chain, TEST_VERSION.parse().unwrap())?;
[INFO] [stdout]    |                      ^^^^^^^^ use of undeclared type `Abstract`
[INFO] [stdout]    |
[INFO] [stdout] help: there is an enum variant `abstract_manager::error::ManagerError::Abstract` and 1 other; try using the variant's enum
[INFO] [stdout]    |
[INFO] [stdout] 68 |     let deployment = abstract_manager::error::ManagerError(chain, TEST_VERSION.parse().unwrap())?;
[INFO] [stdout]    |                      ~~~~~~~~~~~~~~~~~~~~~~~~~~~~~~~~~~~~~
[INFO] [stdout] 68 |     let deployment = abstract_sdk::AbstractSdkError(chain, TEST_VERSION.parse().unwrap())?;
[INFO] [stdout]    |                      ~~~~~~~~~~~~~~~~~~~~~~~~~~~~~~
[INFO] [stdout] 
[INFO] [stdout] 
[INFO] [stdout] warning: unused import: `ContractInstance`
[INFO] [stdout]   --> tests/upgrades.rs:14:53
[INFO] [stdout]    |
[INFO] [stdout] 14 | use boot_core::{instantiate_default_mock_env, Addr, ContractInstance, Deploy, Empty, Mock};
[INFO] [stdout]    |                                                     ^^^^^^^^^^^^^^^^
[INFO] [stdout] 
[INFO] [stdout] 
[INFO] [stdout] error[E0433]: failed to resolve: use of undeclared type `Abstract`
[INFO] [stdout]   --> tests/apis.rs:81:22
[INFO] [stdout]    |
[INFO] [stdout] 81 |     let deployment = Abstract::deploy_on(chain.clone(), TEST_VERSION.parse().unwrap())?;
[INFO] [stdout]    |                      ^^^^^^^^ use of undeclared type `Abstract`
[INFO] [stdout]    |
[INFO] [stdout] help: there is an enum variant `abstract_manager::error::ManagerError::Abstract` and 1 other; try using the variant's enum
[INFO] [stdout]    |
[INFO] [stdout] 81 |     let deployment = abstract_manager::error::ManagerError(chain.clone(), TEST_VERSION.parse().unwrap())?;
[INFO] [stdout]    |                      ~~~~~~~~~~~~~~~~~~~~~~~~~~~~~~~~~~~~~
[INFO] [stdout] 81 |     let deployment = abstract_sdk::AbstractSdkError(chain.clone(), TEST_VERSION.parse().unwrap())?;
[INFO] [stdout]    |                      ~~~~~~~~~~~~~~~~~~~~~~~~~~~~~~
[INFO] [stdout] 
[INFO] [stdout] 
[INFO] [stdout] error[E0433]: failed to resolve: use of undeclared type `Abstract`
[INFO] [stdout]    --> tests/apis.rs:101:22
[INFO] [stdout]     |
[INFO] [stdout] 101 |     let deployment = Abstract::deploy_on(chain.clone(), TEST_VERSION.parse().unwrap())?;
[INFO] [stdout]     |                      ^^^^^^^^ use of undeclared type `Abstract`
[INFO] [stdout]     |
[INFO] [stdout] help: there is an enum variant `abstract_manager::error::ManagerError::Abstract` and 1 other; try using the variant's enum
[INFO] [stdout]     |
[INFO] [stdout] 101 |     let deployment = abstract_manager::error::ManagerError(chain.clone(), TEST_VERSION.parse().unwrap())?;
[INFO] [stdout]     |                      ~~~~~~~~~~~~~~~~~~~~~~~~~~~~~~~~~~~~~
[INFO] [stdout] 101 |     let deployment = abstract_sdk::AbstractSdkError(chain.clone(), TEST_VERSION.parse().unwrap())?;
[INFO] [stdout]     |                      ~~~~~~~~~~~~~~~~~~~~~~~~~~~~~~
[INFO] [stdout] 
[INFO] [stdout] 
[INFO] [stdout] error: aborting due to 39 previous errors; 2 warnings emitted
[INFO] [stdout] 
[INFO] [stdout] 
[INFO] [stdout] Some errors have detailed explanations: E0034, E0432, E0433.
[INFO] [stdout] 
[INFO] [stdout] For more information about an error, try `rustc --explain E0034`.
[INFO] [stdout] 
[INFO] [stdout] error[E0433]: failed to resolve: use of undeclared type `Abstract`
[INFO] [stdout]    --> tests/apis.rs:135:22
[INFO] [stdout]     |
[INFO] [stdout] 135 |     let deployment = Abstract::deploy_on(chain.clone(), TEST_VERSION.parse().unwrap())?;
[INFO] [stdout]     |                      ^^^^^^^^ use of undeclared type `Abstract`
[INFO] [stdout]     |
[INFO] [stdout] help: there is an enum variant `abstract_manager::error::ManagerError::Abstract` and 1 other; try using the variant's enum
[INFO] [stdout]     |
[INFO] [stdout] 135 |     let deployment = abstract_manager::error::ManagerError(chain.clone(), TEST_VERSION.parse().unwrap())?;
[INFO] [stdout]     |                      ~~~~~~~~~~~~~~~~~~~~~~~~~~~~~~~~~~~~~
[INFO] [stdout] 135 |     let deployment = abstract_sdk::AbstractSdkError(chain.clone(), TEST_VERSION.parse().unwrap())?;
[INFO] [stdout]     |                      ~~~~~~~~~~~~~~~~~~~~~~~~~~~~~~
[INFO] [stdout] 
[INFO] [stdout] 
[INFO] [stdout] error[E0433]: failed to resolve: use of undeclared type `Abstract`
[INFO] [stdout]    --> tests/apis.rs:172:22
[INFO] [stdout]     |
[INFO] [stdout] 172 |     let deployment = Abstract::deploy_on(chain.clone(), TEST_VERSION.parse().unwrap())?;
[INFO] [stdout]     |                      ^^^^^^^^ use of undeclared type `Abstract`
[INFO] [stdout]     |
[INFO] [stdout] help: there is an enum variant `abstract_manager::error::ManagerError::Abstract` and 1 other; try using the variant's enum
[INFO] [stdout]     |
[INFO] [stdout] 172 |     let deployment = abstract_manager::error::ManagerError(chain.clone(), TEST_VERSION.parse().unwrap())?;
[INFO] [stdout]     |                      ~~~~~~~~~~~~~~~~~~~~~~~~~~~~~~~~~~~~~
[INFO] [stdout] 172 |     let deployment = abstract_sdk::AbstractSdkError(chain.clone(), TEST_VERSION.parse().unwrap())?;
[INFO] [stdout]     |                      ~~~~~~~~~~~~~~~~~~~~~~~~~~~~~~
[INFO] [stdout] 
[INFO] [stdout] 
[INFO] [stdout] error[E0433]: failed to resolve: use of undeclared type `Abstract`
[INFO] [stdout]    --> tests/apis.rs:241:22
[INFO] [stdout]     |
[INFO] [stdout] 241 |     let deployment = Abstract::deploy_on(chain.clone(), TEST_VERSION.parse().unwrap())?;
[INFO] [stdout]     |                      ^^^^^^^^ use of undeclared type `Abstract`
[INFO] [stdout]     |
[INFO] [stdout] help: there is an enum variant `abstract_manager::error::ManagerError::Abstract` and 1 other; try using the variant's enum
[INFO] [stdout]     |
[INFO] [stdout] 241 |     let deployment = abstract_manager::error::ManagerError(chain.clone(), TEST_VERSION.parse().unwrap())?;
[INFO] [stdout]     |                      ~~~~~~~~~~~~~~~~~~~~~~~~~~~~~~~~~~~~~
[INFO] [stdout] 241 |     let deployment = abstract_sdk::AbstractSdkError(chain.clone(), TEST_VERSION.parse().unwrap())?;
[INFO] [stdout]     |                      ~~~~~~~~~~~~~~~~~~~~~~~~~~~~~~
[INFO] [stdout] 
[INFO] [stdout] 
[INFO] [stderr] error: could not compile `abstract-manager` (test "upgrades") due to 40 previous errors; 2 warnings emitted
[INFO] [stdout] error[E0433]: failed to resolve: use of undeclared type `Abstract`
[INFO] [stdout]    --> tests/apis.rs:265:22
[INFO] [stdout]     |
[INFO] [stdout] 265 |     let deployment = Abstract::deploy_on(chain.clone(), TEST_VERSION.parse().unwrap())?;
[INFO] [stdout]     |                      ^^^^^^^^ use of undeclared type `Abstract`
[INFO] [stdout]     |
[INFO] [stdout] help: there is an enum variant `abstract_manager::error::ManagerError::Abstract` and 1 other; try using the variant's enum
[INFO] [stdout]     |
[INFO] [stdout] 265 |     let deployment = abstract_manager::error::ManagerError(chain.clone(), TEST_VERSION.parse().unwrap())?;
[INFO] [stdout]     |                      ~~~~~~~~~~~~~~~~~~~~~~~~~~~~~~~~~~~~~
[INFO] [stdout] 265 |     let deployment = abstract_sdk::AbstractSdkError(chain.clone(), TEST_VERSION.parse().unwrap())?;
[INFO] [stdout]     |                      ~~~~~~~~~~~~~~~~~~~~~~~~~~~~~~
[INFO] [stdout] 
[INFO] [stdout] 
[INFO] [stdout] error[E0433]: failed to resolve: use of undeclared type `Abstract`
[INFO] [stdout]    --> tests/apis.rs:288:22
[INFO] [stdout]     |
[INFO] [stdout] 288 |     let deployment = Abstract::deploy_on(chain.clone(), TEST_VERSION.parse().unwrap())?;
[INFO] [stdout]     |                      ^^^^^^^^ use of undeclared type `Abstract`
[INFO] [stdout]     |
[INFO] [stdout] help: there is an enum variant `abstract_manager::error::ManagerError::Abstract` and 1 other; try using the variant's enum
[INFO] [stdout]     |
[INFO] [stdout] 288 |     let deployment = abstract_manager::error::ManagerError(chain.clone(), TEST_VERSION.parse().unwrap())?;
[INFO] [stdout]     |                      ~~~~~~~~~~~~~~~~~~~~~~~~~~~~~~~~~~~~~
[INFO] [stdout] 288 |     let deployment = abstract_sdk::AbstractSdkError(chain.clone(), TEST_VERSION.parse().unwrap())?;
[INFO] [stdout]     |                      ~~~~~~~~~~~~~~~~~~~~~~~~~~~~~~
[INFO] [stdout] 
[INFO] [stdout] 
[INFO] [stdout] warning: unused import: `ContractInstance`
[INFO] [stdout]   --> tests/apis.rs:10:61
[INFO] [stdout]    |
[INFO] [stdout] 10 |     BootError, Mock, {instantiate_default_mock_env, CallAs, ContractInstance},
[INFO] [stdout]    |                                                             ^^^^^^^^^^^^^^^^
[INFO] [stdout] 
[INFO] [stdout] 
[INFO] [stdout] warning: unused import: `BootExecute`
[INFO] [stdout]   --> tests/apis.rs:12:17
[INFO] [stdout]    |
[INFO] [stdout] 12 | use boot_core::{BootExecute, Deploy};
[INFO] [stdout]    |                 ^^^^^^^^^^^
[INFO] [stdout] 
[INFO] [stdout] 
[INFO] [stdout] warning: unused import: `CallAs`
[INFO] [stdout]   --> tests/apis.rs:10:53
[INFO] [stdout]    |
[INFO] [stdout] 10 |     BootError, Mock, {instantiate_default_mock_env, CallAs, ContractInstance},
[INFO] [stdout]    |                                                     ^^^^^^
[INFO] [stdout] 
[INFO] [stdout] 
[INFO] [stdout] error: aborting due to 38 previous errors; 4 warnings emitted
[INFO] [stdout] 
[INFO] [stdout] 
[INFO] [stdout] Some errors have detailed explanations: E0412, E0432, E0433.
[INFO] [stdout] 
[INFO] [stdout] For more information about an error, try `rustc --explain E0412`.
[INFO] [stdout] 
[INFO] [stderr] error: could not compile `abstract-manager` (test "apis") due to 39 previous errors; 4 warnings emitted
[INFO] running `Command { std: "docker" "inspect" "7d2fe3f966ea000fa1cbff179f26b2ee011fc8cb1936c3971ed5e279aad98f5b", kill_on_drop: false }`
[INFO] running `Command { std: "docker" "rm" "-f" "7d2fe3f966ea000fa1cbff179f26b2ee011fc8cb1936c3971ed5e279aad98f5b", kill_on_drop: false }`
[INFO] [stdout] 7d2fe3f966ea000fa1cbff179f26b2ee011fc8cb1936c3971ed5e279aad98f5b
